('943d52502d249915c70fedd629b15e0e','9430d9f96053ae7677ed6a3651ce63b6','943d32fd45d6eba3e5c8cce511cc0e74','W 36/L 30',0,'','','','2016-07-19 14:11:15'),('943d53c0ae1c3c3f18bf43dcdd40a1cc','9432a870e04534f0cffb3230bda12701','943d32fd45d6eba3e5c8cce511cc0e74','W 33/L 30',0,'','','','2016-07-19 14:11:15'),('943d5dd23673192aea72cb2b38066210','9436872c3084c8ffda226866fcfb557b','9438ac75bac3e344628b14bf7ed82c15','Schwarz',0,'','','','2016-07-19 14:11:15'),('943d5e255005fa4a80d1f7a4430fc4f4','9431043fbbeebe95d244164f111a1ce2','943d32fd45d6eba3e5c8cce511cc0e74','W 31/L 33',0,'','','','2016-07-19 14:11:15'),('943d5e735fd7c35a8f6c950cf809fcd6','943f86c3b0d2349a5564a95b6d90c818','943d32fd45d6eba3e5c8cce511cc0e74','W 35/L 29',0,'','','','2016-07-19 14:11:15'),('943d5ffc1f390e1c2e104bfbf84b2dbd','94322da8382f29667c944a1c0687423c','943d32fd45d6eba3e5c8cce511cc0e74','W 32/L 30',0,'','','','2016-07-19 14:11:15'),('943d633c117846ab6d4e34c9a836d72c','943848dbf71f0fe339d2623615226542','9438ac75bac3e344628b14bf7ed82c15','Blau',0,'','','','2016-07-19 14:11:15'),('943d65242003a2b57b11a67c8955ee76','9430eaf12a313d40c4b518deea907412','943d32fd45d6eba3e5c8cce511cc0e74','W 36/L 33',0,'','','','2016-07-19 14:11:15'),('943d687e70e4ba7d9498d90228266faa','943c2424d95eb52c5436cd37742123ca','9438ac75bac3e344628b14bf7ed82c15','Schwarz',0,'','','','2016-07-19 14:11:15'),('943d6bfcec39951d5306d354106d9d11','94301656c8fb242fc42f1a76da373828','943d32fd45d6eba3e5c8cce511cc0e74','W 36/L 34',0,'','','','2016-07-19 14:11:15'),('943d711b2bdfaf24b25cabac9acff3e2','9432a233299e29188e7dea4951b183b6','943d32fd45d6eba3e5c8cce511cc0e74','W 32/L 31',0,'','','','2016-07-19 14:11:15'),('943d717d45c8ac775a41a9127a06e87b','943e8d85ca35edf44d4cb82ed9b39252','943d32fd45d6eba3e5c8cce511cc0e74','W 29/L 32',0,'','','','2016-07-19 14:11:15'),('943d7cdc7cd673dbfd93fe0cb8c62caf','943010664981c61c5802da8a46cd7d47','943d32fd45d6eba3e5c8cce511cc0e74','W 32/L 28',0,'','','','2016-07-19 14:11:15'),('943d8346a4a59ca1c1a9e671a46a3766','94394a03b7c861dbbded128dbde29027','943d32fd45d6eba3e5c8cce511cc0e74','W 29/L 34',0,'','','','2016-07-19 14:11:15'),('943d85a4829bbbf49a2701274431613e','943a2dcdd41b61704fe32ace86dc8e41','9438ac75bac3e344628b14bf7ed82c15','Blau',0,'','','','2016-07-19 14:11:15'),('943d8ca32e3e8ba495ba53ed2350bece','9434e8c71bebb6849b668598f3191cd6','943d32fd45d6eba3e5c8cce511cc0e74','W 28/L 32',0,'','','','2016-07-19 14:11:15'),('943d900e17fe3dbc8abd62bb8c85176b','943f97f1538d6a7b43a8ec673438b31b','9438ac75bac3e344628b14bf7ed82c15','Schwarz',0,'','','','2016-07-19 14:11:15'),('943d9c7e435cd7c53ac12c3d3fd2db21','9436334f2b6b204e3583390f71a972f9','943d32fd45d6eba3e5c8cce511cc0e74','W 30/L 29',0,'','','','2016-07-19 14:11:15'),('943d9d735ef4ee6c5ca9d93751c10e8f','943d9a8adb0cb1d7a65e6e236346d61e','943d32fd45d6eba3e5c8cce511cc0e74','W 36/L 31',0,'','','','2016-07-19 14:11:15'),('943d9e7be09ab6e7fe3c105ea6754ee9','9432a61cd4234ab7ddaec11e8ec74937','9438ac75bac3e344628b14bf7ed82c15','Schwarz',0,'','','','2016-07-19 14:11:15'),('943d9f6d4677a8466e914900d44bd825','943ea594792b71f12224b0f2a3b3ea3d','943d32fd45d6eba3e5c8cce511cc0e74','W 33/L 30',0,'','','','2016-07-19 14:11:15'),('943d9fea909ccff7c7da66b18d227f51','9432f86457bc05a225ac7542d7373b5d','943d32fd45d6eba3e5c8cce511cc0e74','W 36/L 34',0,'','','','2016-07-19 14:11:15'),('943da2faad008cf42b7c4c5c6267e8e1','943ab8d27315e413ddfb5438049d0846','9438ac75bac3e344628b14bf7ed82c15','Schwarz',0,'','','','2016-07-19 14:11:15'),('943da30598ba7272cdfa9b31dd735f81','943c8690d0022616d6b76868c635e75b','943d32fd45d6eba3e5c8cce511cc0e74','W 31/L 33',0,'','','','2016-07-19 14:11:15'),('943da415dd88bf518457c896e902fe4e','943708b1d84e3287e70dcfcddd940996','943d32fd45d6eba3e5c8cce511cc0e74','W 29/L 29',0,'','','','2016-07-19 14:11:15'),('943daa1ac0652771b3fb470db45bda8b','9432d19d5b9329645b7bc29c6f1262ac','943d32fd45d6eba3e5c8cce511cc0e74','W 33/L 29',0,'','','','2016-07-19 14:11:15'),('943db0987178797492e72003e5c8f646','9432adbd5664a02629e76ce29ff37a6b','943d32fd45d6eba3e5c8cce511cc0e74','W 36/L 34',0,'','','','2016-07-19 14:11:15'),('943db0b4338bd8f4330c1976431ca57d','943e95eae888a39c9b017da808c05564','9438ac75bac3e344628b14bf7ed82c15','Blau',0,'','','','2016-07-19 14:11:15'),('943db1a6d10a6701f61a679a0422f2d9','943ab8d27315e413ddfb5438049d0846','943d32fd45d6eba3e5c8cce511cc0e74','W 32/L 28',0,'','','','2016-07-19 14:11:15'),('943db237f85bcf1378e108076bce6b2d','943a21b772965d06534bc106108fed23','9438ac75bac3e344628b14bf7ed82c15','Blau',0,'','','','2016-07-19 14:11:15'),('943db8980b4786c7d82e1929475dbf7a','943ad9f1210c1f352901afbca4b643af','9438ac75bac3e344628b14bf7ed82c15','Blau',0,'','','','2016-07-19 14:11:15'),('943dbcc8a34ebff4f91d59f4b4742cab','9430f87eba48621bf8c1d3de312093a3','943d32fd45d6eba3e5c8cce511cc0e74','W 35/L 33',0,'','','','2016-07-19 14:11:15'),('943dbd002496d204a8b326cda4fa8d06','943ebc81fc6e29566c4f4c5e3095f24d','9438ac75bac3e344628b14bf7ed82c15','Schwarz',0,'','','','2016-07-19 14:11:15'),('943dc272598c08d0d416d4f7d63eff5e','943ccb818d9c11032c7c3cb52016c15f','9438ac75bac3e344628b14bf7ed82c15','Schwarz',0,'','','','2016-07-19 14:11:15'),('943dc3e1ccd7a1d6e4e5053b6a471d07','94343e15aa50846aa639f9b7e0584d26','9438ac75bac3e344628b14bf7ed82c15','Blau',0,'','','','2016-07-19 14:11:15'),('943dc9bcc3d88b87a797e3c7ad633291','9433a80a08f8683ae65e6098628b7c33','9438ac75bac3e344628b14bf7ed82c15','Blau',0,'','','','2016-07-19 14:11:15'),('943dd60bee5a21965fb3bb3a606f25ad','94359cab966efb346260ff0068c2f1e2','943d32fd45d6eba3e5c8cce511cc0e74','W 32/L 33',0,'','','','2016-07-19 14:11:15'),('943dd621bb2be8faecfaee1da3f28caa','943f0ef1521f3c167f7405fb64253e4f','943d32fd45d6eba3e5c8cce511cc0e74','W 35/L 30',0,'','','','2016-07-19 14:11:15'),('943dd7e74d7f97d340b1cce9cc2b8086','9436cd067c692676309cf3f68378370c','943d32fd45d6eba3e5c8cce511cc0e74','W 30/L 34',0,'','','','2016-07-19 14:11:15'),('943ddcee089b757f6da1cc4bc3da338c','9434025a62c368aab1b6a93fddf70502','943d32fd45d6eba3e5c8cce511cc0e74','W 32/L 28',0,'','','','2016-07-19 14:11:15'),('943de6e4fe39ab482800907c78efe520','943d7b98513df2c5e116ce34306211ba','9438ac75bac3e344628b14bf7ed82c15','Schwarz',0,'','','','2016-07-19 14:11:15'),('943de7edd3eb14d450a953f4b7760d45','943ef11c043560fda5ab26c676d2b4b7','943d32fd45d6eba3e5c8cce511cc0e74','W 28/L 34',0,'','','','2016-07-19 14:11:15'),('943df1e69bc330f9fb489044b44a0d20','943980e0a15245bbe9f8be12500d37b5','943d32fd45d6eba3e5c8cce511cc0e74','W 35/L 33',0,'','','','2016-07-19 14:11:15'),('943df72de6c38b0c0ec0a6f6030329a5','9438bbdf28d91d66badcb6c4d182155c','943d32fd45d6eba3e5c8cce511cc0e74','W 29/L 32',0,'','','','2016-07-19 14:11:15'),('943dfbccd16ad0673ee0f2d80649a5a0','94340daecbd2119b43739c6ae922ac00','943d32fd45d6eba3e5c8cce511cc0e74','W 33/L 31',0,'','','','2016-07-19 14:11:15'),('943dfcba17c410b048a2f03d27625335','943ece147bbd731d982e9297a146c553','9438ac75bac3e344628b14bf7ed82c15','Blau',0,'','','','2016-07-19 14:11:15'),('943dff2a285b25fc0cef526af7e96b17','943c6f7dab70a8cf59ab6d1132ca1884','9438ac75bac3e344628b14bf7ed82c15','Blau',0,'','','','2016-07-19 14:11:15'),('943e01175b17862ff57831ba23f4b90d','943de74bea7488d87ab705b0c8cc7321','943d32fd45d6eba3e5c8cce511cc0e74','W 35/L 35',0,'','','','2016-07-19 14:11:15'),('943e017c2e8d7364a9a0e074e5d446b0','9430556dce8a28d503de503600e53dc3','9438ac75bac3e344628b14bf7ed82c15','Schwarz',0,'','','','2016-07-19 14:11:15'),('943e049295ed6732ce7ff9523542518b','943db3c34bda27e0cf8e52e914414576','9438ac75bac3e344628b14bf7ed82c15','Blau',0,'','','','2016-07-19 14:11:15'),('943e05fde6a6c75bf825614ef5812fea','943b019aaef0605b5ec39868e875dc68','943d32fd45d6eba3e5c8cce511cc0e74','W 33/L 31',0,'','','','2016-07-19 14:11:15'),('943e084b512b60c60c29b888c571a930','943b307db5aa8c166271ff6b2e1117a6','9438ac75bac3e344628b14bf7ed82c15','Schwarz',0,'','','','2016-07-19 14:11:15'),('943e08cfa4929ba6662a66cdece2207b','943235ba72ea59eb8e6e800b3b144293','9438ac75bac3e344628b14bf7ed82c15','Blau',0,'','','','2016-07-19 14:11:15'),('943e13bc2762b3e9f06c5333330601a8','9432615bc3dc5c97b07d3f3ed3d1039e','943d32fd45d6eba3e5c8cce511cc0e74','W 34/L 31',0,'','','','2016-07-19 14:11:15'),('943e185c1fa15d952438080ede18010c','94382aba3ce7851818b1e422e662f438','943d32fd45d6eba3e5c8cce511cc0e74','W 30/L 29',0,'','','','2016-07-19 14:11:15'),('943e1c5d7b1a9e45281062238a3d4f0d','9434299a1260ef333281aff4d2f47931','943d32fd45d6eba3e5c8cce511cc0e74','W 35/L 36',0,'','','','2016-07-19 14:11:15'),('943e210802425ff15fa97e953b9b9061','943cf8fef31d3fe2c5b6e3963b45d73e','9438ac75bac3e344628b14bf7ed82c15','Blau',0,'','','','2016-07-19 14:11:15'),('943e2825e813ee96d255c7adf242bd6a','9432fce1dba3fad2745f3fdef91ed1bf','943d32fd45d6eba3e5c8cce511cc0e74','W 33/L 34',0,'','','','2016-07-19 14:11:15'),('943e29009d8437a059ecb58ca556fdf0','943f86c3b0d2349a5564a95b6d90c818','9438ac75bac3e344628b14bf7ed82c15','Schwarz',0,'','','','2016-07-19 14:11:15'),('943e295cb8c5b3d3e2f7f8c3176dbcaa','943cbef115c49ddf16709781f150d2b4','9438ac75bac3e344628b14bf7ed82c15','Blau',0,'','','','2016-07-19 14:11:15'),('943e2db0fc81eaa3535ce0f2973f3ef1','94305af0b891f13e562b280ea25b00bc','943d32fd45d6eba3e5c8cce511cc0e74','W 34/L 29',0,'','','','2016-07-19 14:11:15'),('943e2f767d58d91d22d17a18c396e96d','94353e7f1fe4724e94ba767e6da63123','9438ac75bac3e344628b14bf7ed82c15','Schwarz',0,'','','','2016-07-19 14:11:15'),('943e30f101796e2bd9abf67bb42a75b9','9438264b70c7b64a64d2ed1097f980ec','9438ac75bac3e344628b14bf7ed82c15','Blau',0,'','','','2016-07-19 14:11:15'),('943e32824d886df413714270fdb58817','943d092155cc940a9257eb8cc9039501','943d32fd45d6eba3e5c8cce511cc0e74','W 34/L 35',0,'','','','2016-07-19 14:11:15'),('943e3695dbe165b80db2c18711372c3e','943fbdb763e005101128b473c01ba054','943d32fd45d6eba3e5c8cce511cc0e74','W 33/L 36',0,'','','','2016-07-19 14:11:15'),('943e37167a80f11d5e19bdf4a29ca1f4','943c82c8b9986249718f30471a393112','943d32fd45d6eba3e5c8cce511cc0e74','W 33/L 32',0,'','','','2016-07-19 14:11:15'),('943e3af3255873766ee2818020ded37b','943787451351a33c45dd5ffddbd25f16','943d32fd45d6eba3e5c8cce511cc0e74','W 36/L 28',0,'','','','2016-07-19 14:11:15'),('943e3ca29eb3de969be9995502ed155a','943bdcbb76ff2782e3f68503ac6c5eb0','9438ac75bac3e344628b14bf7ed82c15','Blau',0,'','','','2016-07-19 14:11:15'),('943e40879233d2b6b38a0226e9cddc5b','943831829523eab6816537a93182e628','943d32fd45d6eba3e5c8cce511cc0e74','W 30/L 32',0,'','','','2016-07-19 14:11:15'),('943e496880fce76167ceab32ff68186b','94334e5d393eb7391a6143ef7f9bfdb1','943d32fd45d6eba3e5c8cce511cc0e74','W 30/L 35',0,'','','','2016-07-19 14:11:15'),('943e49f736af98c1d68d7385b537ada0','943b747df598a7286eeb8a2df140e87f','943d32fd45d6eba3e5c8cce511cc0e74','W 36/L 32',0,'','','','2016-07-19 14:11:15'),('943e4f05372c422ea680d0a0b32bc863','943365f0410b6dab5f108811ae427f04','943d32fd45d6eba3e5c8cce511cc0e74','W 30/L 30',0,'','','','2016-07-19 14:11:15'),('943e4f3085a7daa73a67094e29af1d86','9436eff8730f4881aa05df3948def04d','9438ac75bac3e344628b14bf7ed82c15','Schwarz',0,'','','','2016-07-19 14:11:15'),('943e53b83c2c9a3c2fb31cfcf402da8e','94322471eec7c989e600b1c472da7248','943d32fd45d6eba3e5c8cce511cc0e74','W 36/L 33',0,'','','','2016-07-19 14:11:15'),('943e55590cf5170c00b86bae7beafa72','94322471eec7c989e600b1c472da7248','9438ac75bac3e344628b14bf7ed82c15','Schwarz',0,'','','','2016-07-19 14:11:15'),('943e55e1c7bab03b953f1dc099ac166c','94338051781adab53f118e23cb8b1179','943d32fd45d6eba3e5c8cce511cc0e74','W 29/L 36',0,'','','','2016-07-19 14:11:15'),('943e5b2ee0060269d395abc2a86116dd','943b44e9d8ebb848a5a7a4e4b0251220','943d32fd45d6eba3e5c8cce511cc0e74','W 36/L 34',0,'','','','2016-07-19 14:11:15'),('943e5daebe9e04fa3c84f47e5e12e0e8','943ac78ca16cf765f8eb0cedd3d822f2','9438ac75bac3e344628b14bf7ed82c15','Blau',0,'','','','2016-07-19 14:11:15'),('943e5f62a213616add87c54f646f670a','943fb18eec512073c0760491ff28c0b6','9438ac75bac3e344628b14bf7ed82c15','Blau',0,'','','','2016-07-19 14:11:15'),('943e6040965a51b91c938faa1c8dda01','943a2d1f1d6953f2e078b3256c31553d','9438ac75bac3e344628b14bf7ed82c15','Blau',0,'','','','2016-07-19 14:11:15'),('943e60d0b8f3526d1a0d08e4c1b677fe','94395ee1a2e97d200894cbca95ce5b89','9438ac75bac3e344628b14bf7ed82c15','Blau',0,'','','','2016-07-19 14:11:15'),('943e6151c9bdd10ec9602795d7e139c3','943e8642206d726307817c0c5c2a1169','9438ac75bac3e344628b14bf7ed82c15','Schwarz',0,'','','','2016-07-19 14:11:15'),('943e758dcc517e77d67fd5d762ee8b7f','943236476b75f202db59bb4979d6ecfd','943d32fd45d6eba3e5c8cce511cc0e74','W 32/L 30',0,'','','','2016-07-19 14:11:15'),('943e864cf72352eabef44a867fff8cd8','9437b6af608e83c173b7f405def0d352','943d32fd45d6eba3e5c8cce511cc0e74','W 35/L 30',0,'','','','2016-07-19 14:11:15'),('943e8dc3c29adf304d7cf25ac89e424c','943ff9e0768e215c57c95b15459a5645','9438ac75bac3e344628b14bf7ed82c15','Schwarz',0,'','','','2016-07-19 14:11:15'),('943e8f06fdb8caeda109a20db921d57a','943ddb14e362f7602f51439ece857a2a','943d32fd45d6eba3e5c8cce511cc0e74','W 33/L 36',0,'','','','2016-07-19 14:11:15'),('943e9ef124832e1b1476adfc4964422d','943a8e962ea41a5c192f35b6a93105d5','943d32fd45d6eba3e5c8cce511cc0e74','W 32/L 32',0,'','','','2016-07-19 14:11:15'),('943ea8af3500e17ff7aa02535e5df59c','94391752f2a83af9b5402095d702f7e0','943d32fd45d6eba3e5c8cce511cc0e74','W 35/L 36',0,'','','','2016-07-19 14:11:15'),('943eab40b26cbcc192a621d34f3429d1','943f5666b61225cd2db39d8a0e60c75c','9438ac75bac3e344628b14bf7ed82c15','Schwarz',0,'','','','2016-07-19 14:11:15'),('943eac901f4896eabee6d0a7a40b13bd','9433ff10078f70df03681e54a2852acf','9438ac75bac3e344628b14bf7ed82c15','Blau',0,'','','','2016-07-19 14:11:15'),('943eb455ca76a17a797b168bbc76dadd','943e335902ad91fcf48725d87c5ad0f4','9438ac75bac3e344628b14bf7ed82c15','Schwarz',0,'','','','2016-07-19 14:11:15'),('943ebe5ed6431f764b028b06007fac33','9433ed335bf696f213b7c111cad88520','9438ac75bac3e344628b14bf7ed82c15','Schwarz',0,'','','','2016-07-19 14:11:15'),('943ebf490229a4443e0bfdcfc0670478','94376ed49f8c2f31600c714b6dda9992','9438ac75bac3e344628b14bf7ed82c15','Schwarz',0,'','','','2016-07-19 14:11:15'),('943ec17dba2f9ed46723205184d9f8ac','9433d49b1bca09de92add943f5971f7d','943d32fd45d6eba3e5c8cce511cc0e74','W 32/L 31',0,'','','','2016-07-19 14:11:15'),('943ec885c08934dc2746ba3b36fb6bdd','943d75312f96b46d2e9ef6708d0ee557','943d32fd45d6eba3e5c8cce511cc0e74','W 31/L 35',0,'','','','2016-07-19 14:11:15'),('943ed10ed403131cac973defc4760264','94358302f98160951699aed6a1219552','9438ac75bac3e344628b14bf7ed82c15','Blau',0,'','','','2016-07-19 14:11:15'),('943ed941124f59a3b7afc02ef0a05e52','943e8c3c773fe8be779ff6d06ad14869','9438ac75bac3e344628b14bf7ed82c15','Schwarz',0,'','','','2016-07-19 14:11:15'),('943edb0db84b47324e8b9402f4dbb655','94397c0c1152a58da8883fdeb64baa18','9438ac75bac3e344628b14bf7ed82c15','Schwarz',0,'','','','2016-07-19 14:11:15'),('943edfc091c7117447d468123010f170','9433b13d27244fa0de7a8735d3525b8b','943d32fd45d6eba3e5c8cce511cc0e74','W 29/L 28',0,'','','','2016-07-19 14:11:15'),('943ee0835558283f3c35b345514e3c92','943755dfe564be88ecef04ea12909fea','943d32fd45d6eba3e5c8cce511cc0e74','W 30/L 28',0,'','','','2016-07-19 14:11:15'),('943eee249d7909c4bfe2aa907f6f39a6','9433760e4cf2851d8e23bf79a317d9ae','943d32fd45d6eba3e5c8cce511cc0e74','W 31/L 36',0,'','','','2016-07-19 14:11:15'),('943ef13aa77764316b8fc2edcf7c11f3','94303a968fd25b5f455ca5df067e503f','943d32fd45d6eba3e5c8cce511cc0e74','W 29/L 30',0,'','','','2016-07-19 14:11:15'),('943ef3e2d6bbd7ae9ee9253f0425a7af','9433ed335bf696f213b7c111cad88520','943d32fd45d6eba3e5c8cce511cc0e74','W 30/L 28',0,'','','','2016-07-19 14:11:15'),('943ef4b973b1c156f549acfcf1faed04','9432f86457bc05a225ac7542d7373b5d','9438ac75bac3e344628b14bf7ed82c15','Blau',0,'','','','2016-07-19 14:11:15'),('943ef5ba790b17a12701ca497825f442','943fe821547f8222df72ac7e5ac7c35a','9438ac75bac3e344628b14bf7ed82c15','Schwarz',0,'','','','2016-07-19 14:11:15'),('943eff18cfa12dfed305f6fd835f945b','9431ba5fafc3cf1ec20ccbc8a4870be7','943d32fd45d6eba3e5c8cce511cc0e74','W 33/L 33',0,'','','','2016-07-19 14:11:15'),('943f004ab3f1c694863499f80dd22f45','9438b5d64e99c8c3306781bc23042e1a','943d32fd45d6eba3e5c8cce511cc0e74','W 32/L 34',0,'','','','2016-07-19 14:11:15'),('943f0435033b02b3ccec24ff9a654746','943a240574f19877dafa6abb47de62f0','9438ac75bac3e344628b14bf7ed82c15','Schwarz',0,'','','','2016-07-19 14:11:15'),('943f0edbe896f2be307d38a1ba05b69a','943c4c30b848006fc7fcb81f26fc3d7d','9438ac75bac3e344628b14bf7ed82c15','Blau',0,'','','','2016-07-19 14:11:15'),('943f14a65058f0a6b6d0444c54d89a33','943a240574f19877dafa6abb47de62f0','943d32fd45d6eba3e5c8cce511cc0e74','W 28/L 33',0,'','','','2016-07-19 14:11:15'),('943f168cbc43ccf3c6ee1fa1018753ac','9437b909c98dc79dbea0d421a39f347b','943d32fd45d6eba3e5c8cce511cc0e74','W 29/L 29',0,'','','','2016-07-19 14:11:15'),('943f16ff4a7789b3ed8c344637e8606d','9432acb245a38aa9ff11194bc6c44b09','9438ac75bac3e344628b14bf7ed82c15','Blau',0,'','','','2016-07-19 14:11:15'),('943f1ba3f8996a8a292b3b70d5cc1204','9436a1a68442dbb7c8f111585c19c554','943d32fd45d6eba3e5c8cce511cc0e74','W 31/L 33',0,'','','','2016-07-19 14:11:15'),('943f1c602ae09a042a222909c8f944aa','94348d7b7139667cf22cf39123241988','943d32fd45d6eba3e5c8cce511cc0e74','W 35/L 34',0,'','','','2016-07-19 14:11:15'),('943f265875c74e4cd7ec48d96c49b2b5','943fb4bba3641aa8b8858b43cd331992','943d32fd45d6eba3e5c8cce511cc0e74','W 35/L 35',0,'','','','2016-07-19 14:11:15'),('943f285ff4dfcc7d6ab3e0a80035422d','9430c4f3cda2988cd92b45fc84af5da5','9438ac75bac3e344628b14bf7ed82c15','Schwarz',0,'','','','2016-07-19 14:11:15'),('943f293cb19fe707bd9492ff95610f3b','94358ee8468c9f661bc7241f7fc3fcaa','9438ac75bac3e344628b14bf7ed82c15','Blau',0,'','','','2016-07-19 14:11:15'),('943f3152b9a7de34464fb937448709be','943076b621ce7ec2f2c72a512e9aad10','9438ac75bac3e344628b14bf7ed82c15','Blau',0,'','','','2016-07-19 14:11:15'),('943f332207d18c8971b6dd057654752a','943b7e272cf61cce31bcd51469566d67','9438ac75bac3e344628b14bf7ed82c15','Schwarz',0,'','','','2016-07-19 14:11:15'),('943f35d314853ce18202891b03a78c11','9436932b72a5c652f3788cf921c21e3c','943d32fd45d6eba3e5c8cce511cc0e74','W 32/L 35',0,'','','','2016-07-19 14:11:15'),('943f378dbf8434fde4518c5c011cb1dd','943b8a266aaafc287f7c6ea55f97be58','943d32fd45d6eba3e5c8cce511cc0e74','W 36/L 33',0,'','','','2016-07-19 14:11:15'),('943f379682c584488ead5adcde203ec6','943f56ef82206ecf941b0d2c7e05ed07','943d32fd45d6eba3e5c8cce511cc0e74','W 32/L 31',0,'','','','2016-07-19 14:11:15'),('943f3e40e9b17e028b2fe9c40422bd21','943f89678ce0b64103b34be0ec280834','943d32fd45d6eba3e5c8cce511cc0e74','W 35/L 36',0,'','','','2016-07-19 14:11:15'),('943f450e5682e9283f5abf30dc1ece20','943205460fe0c0649b76901769d97451','9438ac75bac3e344628b14bf7ed82c15','Schwarz',0,'','','','2016-07-19 14:11:15'),('943f49c360c3f583be07da81509232d2','9432fa43dc7a11223194be8564136bf6','9438ac75bac3e344628b14bf7ed82c15','Schwarz',0,'','','','2016-07-19 14:11:15'),('943f4b256510c0f9ac80856c5c0d857e','9430ec185f3a83a15bbaa7e1890af344','9438ac75bac3e344628b14bf7ed82c15','Blau',0,'','','','2016-07-19 14:11:15'),('943f4c0c447bebc60fbf92aa9a3fe82a','9431cae39f5f7e46441c61e9c3ec3ec2','943d32fd45d6eba3e5c8cce511cc0e74','W 28/L 34',0,'','','','2016-07-19 14:11:15'),('943f511bab89725277ee1e5026a93762','94370488b1d881044c48fecfe1fc5e6a','943d32fd45d6eba3e5c8cce511cc0e74','W 28/L 31',0,'','','','2016-07-19 14:11:15'),('943f57ba88ade5984bb5c62fda0d3b79','943956d4814e589264943db822d4341b','943d32fd45d6eba3e5c8cce511cc0e74','W 34/L 31',0,'','','','2016-07-19 14:11:15'),('943f5eb858d3089bc360eceaeb7e74ed','943ddec66eb113831dba9cd935e164b5','9438ac75bac3e344628b14bf7ed82c15','Schwarz',0,'','','','2016-07-19 14:11:15'),('943f5ec61271f4c08ee634cbfe611807','9434631b472ce1870c8584095b6ea189','943d32fd45d6eba3e5c8cce511cc0e74','W 29/L 32',0,'','','','2016-07-19 14:11:15'),('943f63309c3a5aa8cccc7a7e5f044ca3','943228b4034ba0176d4abd33c407835b','943e7f5d33e9a78d4b71906270e3d0c6','Blau',0,'','','','2016-07-19 14:11:15'),('943f6d97e669a89ec6b43c60425e70b3','943a2516e53e3ff0f72c7a47f1bb191d','943d32fd45d6eba3e5c8cce511cc0e74','W 33/L 29',0,'','','','2016-07-19 14:11:15'),('943f6db7a88b55816e349ae18b32dcf8','94379f3f419664c6479e6f99dbfce561','9438ac75bac3e344628b14bf7ed82c15','Blau',0,'','','','2016-07-19 14:11:15'),('943f7059036a29d4976c78bf3bc7dc63','9430fb7b9c2cd4f4208a96d75ced6587','943d32fd45d6eba3e5c8cce511cc0e74','W 34/L 32',0,'','','','2016-07-19 14:11:15'),('943f72ee017afcbbfc1c8cae682a398c','943f89678ce0b64103b34be0ec280834','9438ac75bac3e344628b14bf7ed82c15','Schwarz',0,'','','','2016-07-19 14:11:15'),('943f73dcee569364de840046c27629e3','94305feff065ff514c7b8e0030e3780e','943d32fd45d6eba3e5c8cce511cc0e74','W 33/L 32',0,'','','','2016-07-19 14:11:15'),('943f76b9c7c557c21c42d1de6d48748f','94380d7e7a9da6776306ae1c5cd29121','9438ac75bac3e344628b14bf7ed82c15','Schwarz',0,'','','','2016-07-19 14:11:15'),('943f76cdde93660518ccd266e50b042e','9433c24053378e70a943a2fadf29d69e','943d32fd45d6eba3e5c8cce511cc0e74','W 31/L 35',0,'','','','2016-07-19 14:11:15'),('943f77d449c3be1339c9352cbdbb2116','943ccb818d9c11032c7c3cb52016c15f','943d32fd45d6eba3e5c8cce511cc0e74','W 33/L 32',0,'','','','2016-07-19 14:11:15'),('943f7866b29a79bd1dbaa7d2678d9968','943d092155cc940a9257eb8cc9039501','9438ac75bac3e344628b14bf7ed82c15','Schwarz',0,'','','','2016-07-19 14:11:15'),('943f78b31c9e65e99df810504fad215c','9438320c53e6b61b655a1afda9b74e2e','943d32fd45d6eba3e5c8cce511cc0e74','W 34/L 33',0,'','','','2016-07-19 14:11:15'),('943f90f954c20fcfe2d9f0efb84df7fd','9439d5e6d3f708893a583246847f38a4','9438ac75bac3e344628b14bf7ed82c15','Blau',0,'','','','2016-07-19 14:11:15'),('943f98b0bf5a2e45a4e768a11a345353','94391918a4fc0a20c424bc889f52fde2','9438ac75bac3e344628b14bf7ed82c15','Blau',0,'','','','2016-07-19 14:11:15'),('943f9b9c38fc8c4d2b7c8d6aa2dbe684','94375b0e21e6e1932de8712007fcb8a6','943d32fd45d6eba3e5c8cce511cc0e74','W 35/L 36',0,'','','','2016-07-19 14:11:15'),('943fa241585dab9fea23e5acb5fba711','943b9aea7c30c2674df2c7d31b55fe4c','9438ac75bac3e344628b14bf7ed82c15','Blau',0,'','','','2016-07-19 14:11:15'),('943fa7335fe66a57f2e0988d31d44b49','9434c8de2f5d97e5f6847ba50d610e59','943d32fd45d6eba3e5c8cce511cc0e74','W 33/L 36',0,'','','','2016-07-19 14:11:15'),('943fa7d02bd371c5d7b13a1b599565d6','943a2e629717da995f59e5a875340544','9438ac75bac3e344628b14bf7ed82c15','Blau',0,'','','','2016-07-19 14:11:15'),('943faa1808f7ea32617038d2582bc3df','94365f199a3e017bda06131257be11d3','943d32fd45d6eba3e5c8cce511cc0e74','W 29/L 34',0,'','','','2016-07-19 14:11:15'),('943fb3f1a8410156cb991a72d924fecf','943de81bb0b93af856fddf7c6229fc43','943d32fd45d6eba3e5c8cce511cc0e74','W 35/L 30',0,'','','','2016-07-19 14:11:15'),('943fba94f63fc45e54d25c111e4eb3bd','94395608b46b5dfcd62486e4b991fa57','943d32fd45d6eba3e5c8cce511cc0e74','W 32/L 32',0,'','','','2016-07-19 14:11:15'),('943fbfe764f3dc1d2e3d14699e8290c1','94308e59f360c2b5152a2344eb65723e','943d32fd45d6eba3e5c8cce511cc0e74','W 31/L 35',0,'','','','2016-07-19 14:11:15'),('943fc259490d40601ae6fe30168a8c3c','9437bef013ea86333e0c3abc60e1388e','943d32fd45d6eba3e5c8cce511cc0e74','W 31/L 31',0,'','','','2016-07-19 14:11:15'),('943fc36c6d08c898107c6296c6bf79a9','943c6bd20987bfad1f1aef5880e07bb3','943d32fd45d6eba3e5c8cce511cc0e74','W 29/L 28',0,'','','','2016-07-19 14:11:15'),('943fc78f5864b196cb7838f3630e512f','943addf553eff31b62843a215bfba677','943d32fd45d6eba3e5c8cce511cc0e74','W 34/L 28',0,'','','','2016-07-19 14:11:15'),('943fcb31c76fd302fde4cec62c7cfc8f','9432ec6d6d6a05c41572c42cac2acdb3','9438ac75bac3e344628b14bf7ed82c15','Schwarz',0,'','','','2016-07-19 14:11:15'),('943fcc191a49e738bb917039185c11b6','9436800ef09a18c17cb3eefd00d8a3df','943d32fd45d6eba3e5c8cce511cc0e74','W 35/L 30',0,'','','','2016-07-19 14:11:15'),('943fd048d0881fbb0441d05f35938625','943c2424d95eb52c5436cd37742123ca','943d32fd45d6eba3e5c8cce511cc0e74','W 29/L 33',0,'','','','2016-07-19 14:11:15'),('943fd2cf8d12484258e17897c52bde99','94379bae8d1456d95b1d9581af44b440','9438ac75bac3e344628b14bf7ed82c15','Blau',0,'','','','2016-07-19 14:11:15'),('943fd3eae244259fa9fd89c928398032','943708b1d84e3287e70dcfcddd940996','9438ac75bac3e344628b14bf7ed82c15','Blau',0,'','','','2016-07-19 14:11:15'),('943fd6c4884032ff0a34675135fbef63','9434791108c40e7ef10513b0c2a9ef23','943d32fd45d6eba3e5c8cce511cc0e74','W 29/L 36',0,'','','','2016-07-19 14:11:15'),('943fde2dfe5d4587aacec1011f65d29f','9436e093467d7b1bda6b03a153b6c0cb','943d32fd45d6eba3e5c8cce511cc0e74','W 28/L 36',0,'','','','2016-07-19 14:11:15'),('943fde4005cab26b5f92af771001b3bb','9431e65cd5db6183ec7d2743d368e9b3','943d32fd45d6eba3e5c8cce511cc0e74','W 31/L 31',0,'','','','2016-07-19 14:11:15'),('943fdee9220921466ca00e2694ffd579','943842ea8bb5312dbc4a4c2195d651e0','9438ac75bac3e344628b14bf7ed82c15','Schwarz',0,'','','','2016-07-19 14:11:15'),('943fdf4c24b5100ff8fb581e15c70e34','94348d7b7139667cf22cf39123241988','9438ac75bac3e344628b14bf7ed82c15','Schwarz',0,'','','','2016-07-19 14:11:15'),('943fe183568ae268f2ac62fbb24d8920','9432a892c49897952c8393e2fe4fb5f1','9438ac75bac3e344628b14bf7ed82c15','Blau',0,'','','','2016-07-19 14:11:15'),('943fe57c5df8bd2a32d5ab70ae94aa42','9439904e0a4f01725aef48d10b245824','943d32fd45d6eba3e5c8cce511cc0e74','W 34/L 33',0,'','','','2016-07-19 14:11:15'),('943fec55c8338731976f236f3e0244fd','9436596322a8bef4a21ca1992bbeb7fe','9438ac75bac3e344628b14bf7ed82c15','Blau',0,'','','','2016-07-19 14:11:15'),('943fef0075bcdcc64820b781e8cd24d0','943471191a5e3eed40093a5800cce3f2','943d32fd45d6eba3e5c8cce511cc0e74','W 36/L 30',0,'','','','2016-07-19 14:11:15'),('943ff520c71ed5d8e3c6407e201d6ebb','94303a2c1cdb909a5df9e5e69b77e3e6','9438ac75bac3e344628b14bf7ed82c15','Schwarz',0,'','','','2016-07-19 14:11:15'),('943ff61ab7eebf1c1f90f141435f5338','943428f9147db64b767c004369d4f85e','943d32fd45d6eba3e5c8cce511cc0e74','W 33/L 35',0,'','','','2016-07-19 14:11:15'),('943ff823feffe3f28dd45f5ab38ce230','943354da278024c896a6df7f9073c303','9438ac75bac3e344628b14bf7ed82c15','Blau',0,'','','','2016-07-19 14:11:15'),('943ffb1bc8824b2842dc250da142c868','943e9240f023f6c936e9a5819080faed','9438ac75bac3e344628b14bf7ed82c15','Blau',0,'','','','2016-07-19 14:11:15'),('943ffe9a1aecc2e2896e73c052556b24','9436f86d6bf4df995a5021686066c4c5','9438ac75bac3e344628b14bf7ed82c15','Blau',0,'','','','2016-07-19 14:11:15'),('d8842e3cb35675756.41352910','d8842e3cb356356f4.93820547','8a142c3e9cd961518.80299776','Futuristisch',9999,'futuristic','','','2016-07-19 14:11:15'),('d8842e3cb3567c010.42997902','d8842e3cb356356f4.93820547','8a142c3ee0edb75d4.80743302','Zeiger',9999,'hand','','','2016-07-19 14:11:15'),('d8842e3cb3567e562.26057815','d8842e3cb356356f4.93820547','8a142c3f0a792c0c3.93013584','Wanduhr',9999,'Wall clock','','','2016-07-19 14:11:15'),('d8842e3cb35681eb1.55581384','d8842e3cb356356f4.93820547','8a142c3f0e2cf1a34.78041155','Kunststoff',9999,'plastic','','','2016-07-19 14:11:15'),('d8842e3cb356854d5.98403201','d8842e3cb356356f4.93820547','8a142c3f14ef22a14.79693851','Home,Büro',9999,'Home,Office','','','2016-07-19 14:11:15');

INSERT INTO `oxobject2category` (`OXID`, `OXOBJECTID`, `OXCATNID`, `OXPOS`, `OXTIME`, `OXTIMESTAMP`) VALUES ('0582c1791a752478ad23f76fa787f12e','058e613db53d782adfc9f2ccb43c45fe','0f40c6a077b68c21f164767c4a903fd2',0,1291645837,'2016-07-19 14:11:15'),('05857b930f51e46f88eb082da26713cb','058de8224773a1d5fd54d523f0c823e0','0f4f08358666c54b4fde3d83d2b7ef04',0,1291644662,'2016-07-19 14:11:15'),('058e4330d2bd4ff68a50fae945184ee4','05848170643ab0deb9914566391c0c63','0f41a4463b227c437f6e6bf57b1697c4',0,1291644902,'2016-07-19 14:11:15'),('3a9f05cea7610f27c7eb52da569aedf1','f4f73033cf5045525644042325355732','fadcb6dd70b9f6248efa425bd159684e',0,1292582728,'2016-07-19 14:11:15'),('90ac183e2cfed61fb885a0b7b2bae4b5','6b6099c305f591cb39d4314e9a823fc1','d86779840626d3ab8263b62db85df3f0',0,1291984905,'2016-07-19 14:11:15'),('90ad9e5369cc8aa0f63aae084ba14926','6b63f459c781fa42edeb889242304014','d86779840626d3ab8263b62db85df3f0',0,1291984959,'2016-07-19 14:11:15'),('90ae28719c31cbdb6516672c67de5112','6b6ac464656c16c90d671721c93dc6ba','d86779840626d3ab8263b62db85df3f0',0,1291984998,'2016-07-19 14:11:15'),('adc0f7c846d5009915030ad432f3c981','6b63456b3abeeeccd9b085a76ffba1a3','d863b76c6bb90a970a5577adf890e8cd',0,1291913378,'2016-07-19 14:11:15'),('adc1803967f65d5aa00abcac127b6931','943ed656e21971fb2f1827facbba9bec','d8665fef35f4d528e92c3d664f4a00c0',0,1291913178,'2016-07-19 14:11:15'),('adc35a1bd224575724802bfbb3b4e1b8','adcb9deae73557006a8ac748f45288b4','fc7e7bd8403448f00a363f60f44da8f2',0,1291914622,'2016-07-19 14:11:15'),('adc468bb476bf83a091d48bdc7c54f2e','531b537118f5f4d7a427cdb825440922','d863b76c6bb90a970a5577adf890e8cd',0,1291913361,'2016-07-19 14:11:15'),('adc4b824fa29e3de7686c9956fe91e06','531f91d4ab8bfb24c4d04e473d246d0b','d8665fef35f4d528e92c3d664f4a00c0',0,1291913158,'2016-07-19 14:11:15'),('adc94b221057a622d285194e9b999521','6b66d82af984e5ad46b9cb27b1ef8aae','d863b76c6bb90a970a5577adf890e8cd',0,1291913395,'2016-07-19 14:11:15'),('adce2d31167c2158860c434a5082200b','6b6b09a02f3c78adb5771bce215ec265','d86779840626d3ab8263b62db85df3f0',0,1291913414,'2016-07-19 14:11:15'),('adcf69cc847329ef0f6c2954c2e961d4','adc5ee42bd3c37a27a488769d22ad9ed','fada9485f003c731b7fad08b873214e0',0,1291913782,'2016-07-19 14:11:15'),('adcf6b92d3e1ce792922999e5644dc57','adc920f4cbfa739803058c663a4a00b9','0f4f08358666c54b4fde3d83d2b7ef04',0,1291914450,'2016-07-19 14:11:15'),('b27b75b0a0706ef5d6ca5d75353a8c53','f4f981b0d9e34d2aeda82d79412480a4','fad4d7e2b47d87bb6a2773d93d4ae9be',0,1299483314,'2016-07-19 14:11:15'),('b563b67264f99e41cc3a17201c8b727d','b5666b6d4bcb67c61dee4887bfba8351','0f4fb00809cec9aa0910aa9c8fe36751',0,1292398832,'2016-07-19 14:11:15'),('b5646758e99290020259e86fe88cc04f','b5685a5230f5050475f214b4bb0e239b','0f40c6a077b68c21f164767c4a903fd2',0,1292400720,'2016-07-19 14:11:15'),('b569a858511324d95c25cf017ba18261','b56c560872da93602ff88c7267eb4774','0f4fb00809cec9aa0910aa9c8fe36751',0,1292398992,'2016-07-19 14:11:15'),('b569cf48a1e33de468c3f377a4e37b05','b563ab240dc19b89fc0349866b2be9c0','d86779840626d3ab8263b62db85df3f0',0,1292416418,'2016-07-19 14:11:15'),('b56a5554a328d329aa2b2e65b6e870e0','b56369b1fc9d7b97f9c5fc343b349ece','0f4fb00809cec9aa0910aa9c8fe36751',0,1292398522,'2016-07-19 14:11:15'),('b56bbf6359e4c440ebf4466fda3aaa4f','b56764137ca959da9541bb28c1987d6c','0f4fb00809cec9aa0910aa9c8fe36751',0,1292399272,'2016-07-19 14:11:15'),('b56c6edcaa820eafef5a009316a8e418','b56164c54701f07df14b141da197c207','0f40c6a077b68c21f164767c4a903fd2',0,1292400449,'2016-07-19 14:11:15'),('b56f4183fd33d95797c0e8cadc0c4a70','b56597806428de2f58b1c6c7d3e0e093','0f4fb00809cec9aa0910aa9c8fe36751',0,1292399157,'2016-07-19 14:11:15'),('d8677dff861fb6b83f29f3558e7394c4','d86236918e1533cccb679208628eda32','fc7e7bd8403448f00a363f60f44da8f2',0,1291818128,'2016-07-19 14:11:15'),('d8680e59c9c674af182ac831cfeee274','d866060a82d29bc94db20bdfd0e73713','d86d90e4b441aa3f0004dcda5ba5bb38',0,1291796348,'2016-07-19 14:11:15'),('d86ac8ac00dbe0a039a82bc7f63dce59','d8631f92ababb452139f222afb81cd36','0f4f08358666c54b4fde3d83d2b7ef04',0,1291817294,'2016-07-19 14:11:15'),('d86c4538ba6226cfe5defe2a697f0c54','d86e244c8114c8214fbf83da8d6336b3','0f4270b89fbef1481958381410a0dbca',0,1291819694,'2016-07-19 14:11:15'),('d86d6646011c5fa32c2b453757bae59f','d86f775338da3228bec9e968f02e7551','fc7e7bd8403448f00a363f60f44da8f2',0,1291818476,'2016-07-19 14:11:15'),('d86f74eae5efc7ac6bccc9bc7344328b','d861ad687c60820255dbf8f88516f24d','fc7e7bd8403448f00a363f60f44da8f2',0,1291817798,'2016-07-19 14:11:15'),('d86fa52947fad250273f456232b4379d','d862c91305fe0d5e86f82122ae9e367c','d86d90e4b441aa3f0004dcda5ba5bb38',0,1291796282,'2016-07-19 14:11:15'),('dc504412ab276c317223067de423daa1','dc5b9cfeb5bd96fdbd9b4e43974661a1','0f4fb00809cec9aa0910aa9c8fe36751',0,1291974008,'2016-07-19 14:11:15'),('dc5244863bbf3cd3f5e2c1d08f28cbd1','dc57391739360d306c8dfcb3a4295e19','0f4fb00809cec9aa0910aa9c8fe36751',0,1291974605,'2016-07-19 14:11:15'),('dc53a316f2db4c7a2cde9c340f547c8d','dc5480c47d8cd5a9eab9da5db9159cc6','0f4fb00809cec9aa0910aa9c8fe36751',0,1291975109,'2016-07-19 14:11:15'),('dc5bc972fa6b5db25518da50d43b114a','dc581d8a115035cbfb0223c9c736f513','d862abc1f98741797cf889eb4a9090ad',0,1291969392,'2016-07-19 14:11:15'),('dc5ccdc702cd905d24a58b1c1d26e4ab','dc55b2b2e633527f9a8b2408a032f28f','fad4d7e2b47d87bb6a2773d93d4ae9be',0,1291971010,'2016-07-19 14:11:15'),('dc5fe9b7d8c00d060f6a629e15fedaf0','dc5ffdf380e15674b56dd562a7cb6aec','fad4d7e2b47d87bb6a2773d93d4ae9be',0,1291970285,'2016-07-19 14:11:15'),('ed617f5db89b4a1d31533db4ead39f92','ed6a2b0b90cab3f60a2dfd1c91fceb77','d86fdf0d67bf76dc427aabd2e53e0a97',0,1291878861,'2016-07-19 14:11:15'),('ed62ad31bfd12db4a814472addd49884','ed6573c0259d6a6fb641d106dcb2faec','0f4270b89fbef1481958381410a0dbca',0,1291881726,'2016-07-19 14:11:15'),('ed6dbeecc4533f2503e9df2a6282c22f','ed6a4182ae58874e4fdaa4775566af6c','0f4270b89fbef1481958381410a0dbca',0,1291881558,'2016-07-19 14:11:15'),('f334205e98cdd95f33300fdad6a948d5','f33d5bcc7135908fd36fc736c643aa1c','fc7e7bd8403448f00a363f60f44da8f2',0,1300987644,'2016-07-19 14:11:15'),('f4f224669c60d0718f4d5dc9ac5d5b76','f4fc98f99e3660bd2ecd7450f832c41a','fada9485f003c731b7fad08b873214e0',0,1291626864,'2016-07-19 14:11:15'),('f4f60218b25a5a8af601b9b009921a5e','f4f2d8eee51b0fd5eb60a46dff1166d8','0f41a4463b227c437f6e6bf57b1697c4',0,1291627679,'2016-07-19 14:11:15'),('f4f816efdcf5f5e0c6abaa2c5462b738','f4fe052346b4ec271011e25c052682c5','0f4fb00809cec9aa0910aa9c8fe36751',0,1291633333,'2016-07-19 14:11:15'),('f4f9dfc1f07c2f5e0e07e57344e085dd','f4fe754e1692b9f79f2a7b1a01bb8dee','0f4f08358666c54b4fde3d83d2b7ef04',0,1291634085,'2016-07-19 14:11:15'),('f4fad7471d8d4dc99962e0821b7243c7','f4f0cb3606e231c3fdb34fcaee2d6d04','0f4fb00809cec9aa0910aa9c8fe36751',0,1291629175,'2016-07-19 14:11:15'),('fad2b5808154dd3e10de1608752b7c6f','fad21eb148918c8f4d9f0077fedff1ba','0f4fb00809cec9aa0910aa9c8fe36751',0,1291389559,'2016-07-19 14:11:15'),('fad40f529705b93bd38acbfa65a9abb1','fadc492a5807c56eb80b0507accd756b','0f4fb00809cec9aa0910aa9c8fe36751',0,1291390878,'2016-07-19 14:11:15'),('fc76c0a00469f48f663ec0d4c5ca42fc','0584e8b766a4de2177f9ed11d1587f55','fc7e7bd8403448f00a363f60f44da8f2',0,1291729544,'2016-07-19 14:11:15'),('fc7acbb8900907d29a792e3a9fbac67a','fc71f70c3398ee4c2cdd101494087185','fadcb6dd70b9f6248efa425bd159684e',0,1291727768,'2016-07-19 14:11:15'),('oia581556f8083586ab7783c57be6263','oiaa81b5e002fc2f73b9398c361c0b97','oia9ff5c96f1f29d527b61202ece0829',0,0,'2016-07-19 14:11:15');

INSERT INTO `oxobject2delivery` (`OXID`, `OXDELIVERYID`, `OXOBJECTID`, `OXTYPE`, `OXTIMESTAMP`) VALUES ('1b842e73492c49fc1.89449037','1b842e73470578914.54719298','a7c40f631fc920687.20179984','oxcountry','2016-07-19 14:11:15'),('1b842e73518675688.37164512','1b842e734b62a4775.45738618','a7c40f631fc920687.20179984','oxcountry','2016-07-19 14:11:15'),('1b842e7365236d723.56675119','1b842e7352422a708.01472527','a7c40f6320aeb2ec2.72885259','oxcountry','2016-07-19 14:11:15'),('1b842e73652371be0.05571694','1b842e7352422a708.01472527','a7c40f6321c6f6109.43859248','oxcountry','2016-07-19 14:11:15'),('1b842e7379e4a8fe8.52771023','oxidstandard','a7c40f6320aeb2ec2.72885259','oxdelset','2016-07-19 14:11:15'),('1b842e7379e4ad6b4.73750214','oxidstandard','a7c40f6321c6f6109.43859248','oxdelset','2016-07-19 14:11:15'),('1b842e738a57b13d8.84689291','1b842e738970d31e3.71258327','a7c40f631fc920687.20179984','oxcountry','2016-07-19 14:11:15'),('1b842e738a57b13d8.84689294','1b842e738970d31e3.71258328','a7c40f631fc920687.20179984','oxcountry','2016-07-19 14:11:15'),('1b842e738a57b53e5.95343861','1b842e738970d31e3.71258327','a7c40f6320aeb2ec2.72885259','oxcountry','2016-07-19 14:11:15'),('1b842e738a57b53e5.95343864','1b842e738970d31e3.71258328','a7c40f6320aeb2ec2.72885259','oxcountry','2016-07-19 14:11:15'),('1b842e738a57b88d2.91633321','1b842e738970d31e3.71258327','a7c40f6321c6f6109.43859248','oxcountry','2016-07-19 14:11:15'),('1b842e738a57b88d2.91633326','1b842e738970d31e3.71258328','a7c40f6321c6f6109.43859248','oxcountry','2016-07-19 14:11:15'),('1b842e738b67c10d2.46463030','1b842e732a23255b1.91207751','a7c40f631fc920687.20179984','oxdelset','2016-07-19 14:11:15'),('1b842e738b67c10d2.46463031','1b842e732a23255b1.91207750','a7c40f631fc920687.20179984','oxdelset','2016-07-19 14:11:15'),('1b842e738b67c6567.02889856','1b842e732a23255b1.91207750','a7c40f6320aeb2ec2.72885259','oxdelset','2016-07-19 14:11:15'),('1b842e738b67c6567.02889857','1b842e732a23255b1.91207751','a7c40f6320aeb2ec2.72885259','oxdelset','2016-07-19 14:11:15'),('1b842e738b67c99e7.94996180','1b842e732a23255b1.91207751','a7c40f6321c6f6109.43859248','oxdelset','2016-07-19 14:11:15'),('1b842e738b67c99e7.94996181','1b842e732a23255b1.91207750','a7c40f6321c6f6109.43859248','oxdelset','2016-07-19 14:11:15'),('ae04162c305b43e28.80521046','3033e968fb5b30930.92732498','a7c40f631fc920687.20179984','oxcountry','2016-07-19 14:11:15'),('ae04162c305b8a214.78574016','3033e968fb5b30930.92732498','a7c40f6320aeb2ec2.72885259','oxcountry','2016-07-19 14:11:15'),('ae04162c305b93482.59033720','3033e968fb5b30930.92732498','a7c40f6321c6f6109.43859248','oxcountry','2016-07-19 14:11:15'),('ae04162c30bf11d09.84389223','b763e957be61108f8.80080127','a7c40f631fc920687.20179984','oxcountry','2016-07-19 14:11:15'),('ae04162c30bf20431.70969824','b763e957be61108f8.80080127','a7c40f6320aeb2ec2.72885259','oxcountry','2016-07-19 14:11:15'),('ae04162c30bf29273.07047115','b763e957be61108f8.80080127','a7c40f6321c6f6109.43859248','oxcountry','2016-07-19 14:11:15'),('ae04162c31189e656.37716651','3033e968ea11e6761.68821765','a7c40f631fc920687.20179984','oxcountry','2016-07-19 14:11:15'),('ae04162c3118b0159.44708340','3033e968ea11e6761.68821765','a7c40f6320aeb2ec2.72885259','oxcountry','2016-07-19 14:11:15'),('ae04162c3118b8f10.17475457','3033e968ea11e6761.68821765','a7c40f6321c6f6109.43859248','oxcountry','2016-07-19 14:11:15'),('ae04162c316767f38.84312273','b763e957d6d42dd40.18579550','a7c40f631fc920687.20179984','oxcountry','2016-07-19 14:11:15'),('ae04162c31677dcf2.40358333','b763e957d6d42dd40.18579550','a7c40f6320aeb2ec2.72885259','oxcountry','2016-07-19 14:11:15'),('ae04162c316786d15.81085559','b763e957d6d42dd40.18579550','a7c40f6321c6f6109.43859248','oxcountry','2016-07-19 14:11:15'),('b0e42247b75236c85.30800643','oxidstandard','a7c40f631fc920687.20179984','oxdelset','2016-07-19 14:11:15'),('b0e42247b8d71f086.77687951','f324215af31591936.94392085','a7c40f631fc920687.20179984','oxdelset','2016-07-19 14:11:15'),('b0e42247b8d74bcc1.13991977','f324215af31591936.94392085','a7c40f6320aeb2ec2.72885259','oxdelset','2016-07-19 14:11:15'),('b0e42247b8d762574.83891789','f324215af31591936.94392085','a7c40f6321c6f6109.43859248','oxdelset','2016-07-19 14:11:15');

INSERT INTO `oxobject2discount` (`OXID`, `OXDISCOUNTID`, `OXOBJECTID`, `OXTYPE`, `OXTIMESTAMP`) VALUES ('0a842e4fd23a60e04.47404876','4e542e4e8dd127836.00288451','1431','oxarticles','2016-07-19 14:11:15'),('1b842e75a0d181dc5.03163547','0693e8aab9b01dc46.38765070','a7c40f631fc920687.20179984','oxcountry','2016-07-19 14:11:15'),('1b842e75a0d186fa8.13645432','0693e8aab9b01dc46.38765070','a7c40f6320aeb2ec2.72885259','oxcountry','2016-07-19 14:11:15'),('4e542e4e8f60a0562.61817542','4e542e4e8dd127836.00288451','1771','oxarticles','2016-07-19 14:11:15'),('79042e787aea9e9d9.36926408','4e542e4e8dd127836.00288451','d8842e3cbf9290351.59301740','oxarticles','2016-07-19 14:11:15'),('79042e787b414fae9.16540313','4e542e4e8dd127836.00288451','85b42c94a32b3fdd2.66642220','oxarticles','2016-07-19 14:11:15'),('f4f2bdd8e8262be70dd2fff6a2733490','4e542e4e8dd127836.00288451','0f4fb00809cec9aa0910aa9c8fe36751','oxcategories','2016-07-19 14:11:15'),('f4f6e7dd5647bd1ab2a47bd690ac93d6','4e542e4e8dd127836.00288451','fadc492a5807c56eb80b0507accd756b','oxarticles','2016-07-19 14:11:15'),('f4faded76bd9f53a0385f1023a32e008','4e542e4e8dd127836.00288451','fad21eb148918c8f4d9f0077fedff1ba','oxarticles','2016-07-19 14:11:15');

INSERT INTO `oxobject2group` (`OXID`, `OXSHOPID`, `OXOBJECTID`, `OXGROUPSID`, `OXTIMESTAMP`) VALUES ('515d07c92d6f3178601adb83ab50d747',1,'5158381d9da5cc40384c50600991c74f','oxidnewcustomer','2019-04-24 11:21:11'),('515eeb3573a79d8ff8dd90dcf9a3ac3e',1,'5158381d9da5cc40384c50600991c74f','oxidnotyetordered','2019-04-24 11:21:11'),('92044c0db9271e5b8.58103839',1,'92044c0db9220e842.85595739','oxidnewcustomer','2019-04-24 11:21:11'),('c193fddd471979db5.85262084',1,'oxiddebitnote','oxidsmallcust','2019-04-24 11:21:11'),('c193fddd471987391.56507198',1,'oxiddebitnote','oxidnewcustomer','2019-04-24 11:21:11'),('c193fddd4719915f1.10073644',1,'oxiddebitnote','oxidnewsletter','2019-04-24 11:21:11'),('c193fddd4719996f2.77898155',1,'oxiddebitnote','oxidadmin','2019-04-24 11:21:11'),('c193fddd4831e2713.21232210',1,'oxidcreditcard','oxidsmallcust','2019-04-24 11:21:11'),('c193fddd4831f6f46.50917349',1,'oxidcreditcard','oxidmiddlecust','2019-04-24 11:21:11'),('c193fddd4831ff385.99230154',1,'oxidcreditcard','oxidgoodcust','2019-04-24 11:21:11'),('c193fddd483207c10.92807988',1,'oxidcreditcard','oxidforeigncustomer','2019-04-24 11:21:11'),('c193fddd483215d21.77186691',1,'oxidcreditcard','oxidnewcustomer','2019-04-24 11:21:11'),('c193fddd48321e633.40782090',1,'oxidcreditcard','oxidpowershopper','2019-04-24 11:21:11'),('c193fddd483225762.33412275',1,'oxidcreditcard','oxiddealer','2019-04-24 11:21:11'),('c193fddd483233a87.07118337',1,'oxidcreditcard','oxidnewsletter','2019-04-24 11:21:11'),('c193fddd48323bcb8.16273041',1,'oxidcreditcard','oxidadmin','2019-04-24 11:21:11'),('c193fddd483242bc6.72020207',1,'oxidcreditcard','oxidpriceb','2019-04-24 11:21:11'),('c193fddd483251c35.30210206',1,'oxidcreditcard','oxidpricea','2019-04-24 11:21:11'),('c193fddd48325a223.07587162',1,'oxidcreditcard','oxidpricec','2019-04-24 11:21:11'),('c193fddd4939c95b3.22730175',1,'oxidinvoice','oxidnewcustomer','2019-04-24 11:21:11'),('c193fddd49772de88.87420931',1,'oxidinvoice','oxidgoodcust','2019-04-24 11:21:11'),('c193fddd49b560bf7.83973615',1,'oxidpayadvance','oxidblacklist','2019-04-24 11:21:11'),('c193fddd49b578c58.17144323',1,'oxidpayadvance','oxidsmallcust','2019-04-24 11:21:11'),('c193fddd49b581dd2.00588439',1,'oxidpayadvance','oxidmiddlecust','2019-04-24 11:21:11'),('c193fddd49b591ad7.64823006',1,'oxidpayadvance','oxidgoodcust','2019-04-24 11:21:11'),('c193fddd49b599565.04338675',1,'oxidpayadvance','oxidforeigncustomer','2019-04-24 11:21:11'),('c193fddd49b5a06b3.75268916',1,'oxidpayadvance','oxidnewcustomer','2019-04-24 11:21:11'),('c193fddd49b5b5021.38970407',1,'oxidpayadvance','oxidpowershopper','2019-04-24 11:21:11'),('c193fddd49b5bd575.90280311',1,'oxidpayadvance','oxiddealer','2019-04-24 11:21:11'),('c193fddd49b5cc515.90816240',1,'oxidpayadvance','oxidnewsletter','2019-04-24 11:21:11'),('c193fddd49b5d43e6.35256824',1,'oxidpayadvance','oxidadmin','2019-04-24 11:21:11'),('c193fddd49b5db4e8.17741481',1,'oxidpayadvance','oxidpriceb','2019-04-24 11:21:11'),('c193fddd49b5ed246.01214326',1,'oxidpayadvance','oxidpricea','2019-04-24 11:21:11'),('c193fddd49b5f65d4.60703125',1,'oxidpayadvance','oxidpricec','2019-04-24 11:21:11'),('dfc42e744180bf4a9.98598495',1,'dfc42e74417f07347.45624764','oxidnewcustomer','2019-04-24 11:21:11'),('e5d1d2defe53c30aeca0f86bde4ae531',1,'e7af1c3b786fd02906ccd75698f4e6b9','oxidmiddlecust','2019-04-24 11:21:11'),('e7a3bc0ffde37901c6c1be9bdd43b9a5',1,'e7af1c3b786fd02906ccd75698f4e6b9','oxidcustomer','2019-04-24 11:21:11'),('e7a50c8a8a31cb82b8ae4b38c64a78ba',1,'e7af1c3b786fd02906ccd75698f4e6b9','oxidgoodcust','2019-04-24 11:21:11'),('e7a7197c7cf8e878e8ff2c18645788ab',1,'e7af1c3b786fd02906ccd75698f4e6b9','oxidnewcustomer','2019-04-24 11:21:11'),('e913fdd8443ed43e1.51222316',1,'oxdefaultadmin','oxidadmin','2019-04-24 11:21:11'),('f1d3fdd845d646ce0.54037160',1,'oxidcashondel','oxidsmallcust','2019-04-24 11:21:11'),('f1d3fdd845d64f368.38782882',1,'oxidcashondel','oxidmiddlecust','2019-04-24 11:21:11'),('f1d3fdd845d655500.24044370',1,'oxidcashondel','oxidgoodcust','2019-04-24 11:21:11'),('f1d3fdd845d664a36.22008654',1,'oxidcashondel','oxidforeigncustomer','2019-04-24 11:21:11'),('f1d3fdd845d66bfa6.86175113',1,'oxidcashondel','oxidnewcustomer','2019-04-24 11:21:11'),('f1d3fdd845d671e32.96237048',1,'oxidcashondel','oxidpowershopper','2019-04-24 11:21:11'),('f1d3fdd845d67e7c5.10668991',1,'oxidcashondel','oxiddealer','2019-04-24 11:21:11'),('f1d3fdd845d6896c1.03162238',1,'oxidcashondel','oxidnewsletter','2019-04-24 11:21:11'),('f1d3fdd845d691ec8.81166485',1,'oxidcashondel','oxidadmin','2019-04-24 11:21:11'),('f1d3fdd845d69e885.91443232',1,'oxidcashondel','oxidpriceb','2019-04-24 11:21:11'),('f1d3fdd845d6a67e0.02859671',1,'oxidcashondel','oxidpricea','2019-04-24 11:21:11'),('f1d3fdd845d6ad995.44313456',1,'oxidcashondel','oxidpricec','2019-04-24 11:21:11');

INSERT INTO `oxobject2list` (`OXID`, `OXOBJECTID`, `OXLISTID`, `OXDESC`, `OXTIMESTAMP`) VALUES ('e7a02053bb5afa05a6796ed5c010ba30','d861ad687c60820255dbf8f88516f24d','e7a0b1906e0d94e05693f06b0b6fcc32','','2011-02-01 08:12:01'),('e7a0e4aac7db2e6cece2d7574aa24557','d86f775338da3228bec9e968f02e7551','e7a0b1906e0d94e05693f06b0b6fcc32','','2011-02-01 08:08:37'),('e7acb3ff7ae6644d2fac2bc7457b2046','b56369b1fc9d7b97f9c5fc343b349ece','e7a0b1906e0d94e05693f06b0b6fcc32','','2011-02-01 08:06:48'),('e7ad1000d71060c0cf939fb954b56b03','fadc492a5807c56eb80b0507accd756b','e7a0b1906e0d94e05693f06b0b6fcc32','','2011-02-01 08:13:33'),('e7add6c1701101ab906a9ece8a606444','058de8224773a1d5fd54d523f0c823e0','e7a0b1906e0d94e05693f06b0b6fcc32','','2011-02-01 08:12:51');

INSERT INTO `oxobject2payment` (`OXID`, `OXPAYMENTID`, `OXOBJECTID`, `OXTYPE`, `OXTIMESTAMP`) VALUES ('0f941664de07fe713.78180932','oxiddebitnote','a7c40f631fc920687.20179984','oxcountry','2016-07-19 14:11:15'),('0f941664de081d815.03693723','oxiddebitnote','a7c40f6320aeb2ec2.72885259','oxcountry','2016-07-19 14:11:15'),('0f941664de082a1b0.85265324','oxiddebitnote','a7c40f6321c6f6109.43859248','oxcountry','2016-07-19 14:11:15'),('0f941664e70744a73.85113769','oxidcreditcard','a7c40f631fc920687.20179984','oxcountry','2016-07-19 14:11:15'),('0f941664e70758467.23169947','oxidcreditcard','a7c40f6320aeb2ec2.72885259','oxcountry','2016-07-19 14:11:15'),('0f941664e707657e4.30674465','oxidcreditcard','a7c40f6321c6f6109.43859248','oxcountry','2016-07-19 14:11:15'),('0f941664e9e60f698.58333517','oxidcashondel','a7c40f631fc920687.20179984','oxcountry','2016-07-19 14:11:15'),('0f941664ee2448a22.44967166','oxidinvoice','a7c40f631fc920687.20179984','oxcountry','2016-07-19 14:11:15'),('0f941664ee245e458.07911799','oxidinvoice','a7c40f6320aeb2ec2.72885259','oxcountry','2016-07-19 14:11:15'),('0f941664ee246ac84.39868591','oxidinvoice','a7c40f6321c6f6109.43859248','oxcountry','2016-07-19 14:11:15'),('0f941664efa30a021.06837665','oxidpayadvance','a7c40f631fc920687.20179984','oxcountry','2016-07-19 14:11:15'),('0f941664efa320ca8.35650805','oxidpayadvance','a7c40f6320aeb2ec2.72885259','oxcountry','2016-07-19 14:11:15'),('0f941664efa32d4e5.28625433','oxidpayadvance','a7c40f6321c6f6109.43859248','oxcountry','2016-07-19 14:11:15'),('1b842e737567541b1.16932982','oxidcashondel','oxidstandard','oxdelset','2016-07-19 14:11:15'),('1b842e7375675b807.24061946','oxidcreditcard','oxidstandard','oxdelset','2016-07-19 14:11:15'),('1b842e73756761653.33874589','oxiddebitnote','oxidstandard','oxdelset','2016-07-19 14:11:15'),('1b842e737567681b7.32408586','oxidpayadvance','oxidstandard','oxdelset','2016-07-19 14:11:15'),('1b842e7375676dd84.15824521','oxidinvoice','oxidstandard','oxdelset','2016-07-19 14:11:15'),('1b842e738b3f1ca46.72529947','oxidcreditcard','1b842e732a23255b1.91207750','oxdelset','2016-07-19 14:11:15'),('1b842e738b3f1ca46.72529948','oxidcreditcard','1b842e732a23255b1.91207751','oxdelset','2016-07-19 14:11:15'),('92d4214bf673df592.85542338','oxidpayadvance','a434214960877b879.20979568','oxdelset','2016-07-19 14:11:15'),('f324215af5c89b870.26091752','oxidcreditcard','f324215af31591936.94392085','oxdelset','2016-07-19 14:11:15'),('f324215af5c8be899.90598822','oxiddebitnote','f324215af31591936.94392085','oxdelset','2016-07-19 14:11:15');



INSERT INTO `oxorder` (`OXID`, `OXSHOPID`, `OXUSERID`, `OXORDERDATE`, `OXORDERNR`, `OXBILLCOMPANY`, `OXBILLEMAIL`, `OXBILLFNAME`, `OXBILLLNAME`, `OXBILLSTREET`, `OXBILLSTREETNR`, `OXBILLADDINFO`, `OXBILLUSTID`, `OXBILLCITY`, `OXBILLCOUNTRYID`, `OXBILLSTATEID`, `OXBILLZIP`, `OXBILLFON`, `OXBILLFAX`, `OXBILLSAL`, `OXDELCOMPANY`, `OXDELFNAME`, `OXDELLNAME`, `OXDELSTREET`, `OXDELSTREETNR`, `OXDELADDINFO`, `OXDELCITY`, `OXDELCOUNTRYID`, `OXDELSTATEID`, `OXDELZIP`, `OXDELFON`, `OXDELFAX`, `OXDELSAL`, `OXPAYMENTID`, `OXPAYMENTTYPE`, `OXTOTALNETSUM`, `OXTOTALBRUTSUM`, `OXTOTALORDERSUM`, `OXARTVAT1`, `OXARTVATPRICE1`, `OXARTVAT2`, `OXARTVATPRICE2`, `OXDELCOST`, `OXDELVAT`, `OXPAYCOST`, `OXPAYVAT`, `OXWRAPCOST`, `OXWRAPVAT`, `OXGIFTCARDCOST`, `OXGIFTCARDVAT`, `OXCARDID`, `OXCARDTEXT`, `OXDISCOUNT`, `OXEXPORT`, `OXBILLNR`, `OXBILLDATE`, `OXTRACKCODE`, `OXSENDDATE`, `OXREMARK`, `OXVOUCHERDISCOUNT`, `OXCURRENCY`, `OXCURRATE`, `OXFOLDER`, `OXTRANSID`, `OXPAYID`, `OXXID`, `OXPAID`, `OXSTORNO`, `OXIP`, `OXTRANSSTATUS`, `OXLANG`, `OXINVOICENR`, `OXDELTYPE`, `OXTIMESTAMP`, `OXISNETTOMODE`) VALUES ('7d090db46a124f48cb7e6836ceef3f66',1,'e7af1c3b786fd02906ccd75698f4e6b9','2011-03-30 10:55:13',1,'','info@oxid-esales.com','Marc','Muster','Hauptstr.','13','','','Freiburg','a7c40f631fc920687.20179984','','79098','','','MR','','','','','','','','','','','','','','7d011a153655ef215558cddd43dc65a8','oxidinvoice',1639.15,2108.39,1950.59,19,311.44,0,0,0,0,19,0,0,0,0,0,'','',157.8,0,'','0000-00-00','','0000-00-00 00:00:00','Hier können Sie uns noch etwas mitteilen.',0,'EUR',1,'ORDERFOLDER_NEW','','','','0000-00-00 00:00:00',0,'','OK',0,0,'oxidstandard','2019-04-24 11:21:11',0);

INSERT INTO `oxorderarticles` (`OXID`, `OXORDERID`, `OXAMOUNT`, `OXARTID`, `OXARTNUM`, `OXTITLE`, `OXSHORTDESC`, `OXSELVARIANT`, `OXNETPRICE`, `OXBRUTPRICE`, `OXVATPRICE`, `OXVAT`, `OXPERSPARAM`, `OXPRICE`, `OXBPRICE`, `OXNPRICE`, `OXWRAPID`, `OXEXTURL`, `OXURLDESC`, `OXURLIMG`, `OXTHUMB`, `OXPIC1`, `OXPIC2`, `OXPIC3`, `OXPIC4`, `OXPIC5`, `OXWEIGHT`, `OXSTOCK`, `OXDELIVERY`, `OXINSERT`, `OXTIMESTAMP`, `OXLENGTH`, `OXWIDTH`, `OXHEIGHT`, `OXFILE`, `OXSEARCHKEYS`, `OXTEMPLATE`, `OXQUESTIONEMAIL`, `OXISSEARCH`, `OXFOLDER`, `OXSUBCLASS`, `OXSTORNO`, `OXORDERSHOPID`, `OXISBUNDLE`) VALUES ('7d010996ab5656e369a63cdccb5f56e7','7d090db46a124f48cb7e6836ceef3f66',1,'b56369b1fc9d7b97f9c5fc343b349ece','1208','Kite CORE GTS','Die Sportversion des GT','',738.65546218487,879,140.34453781513,19,'',879,879,738.65546218487,'','','','','0/core_gts_1_th.jpg','1/core_gts_1.jpg','2/nopic.jpg','3/nopic.jpg','4/nopic.jpg','5/nopic.jpg',0,13,'0000-00-00','2015-12-20','2019-04-24 11:21:11',0,0,0,'','kite, core, gts, kiteboarding','','',1,'','oxarticle',0,1,0),('7d0375c56b9b6ae7f984f8a0d45ef990','7d090db46a124f48cb7e6836ceef3f66',1,'f33d5bcc7135908fd36fc736c643aa1c','1506','KiteFix Kleber GLUFIX (30g)','Speziell für Kites entwickelter Klebstoff','',10.495798319328,12.49,1.9942016806723,19,'',12.49,12.49,10.495798319328,'','','','','0/glufix_z1a_th_th.jpg','1/glufix_z1a.jpg','2/nopic.jpg','3/nopic.jpg','4/nopic.jpg','5/nopic.jpg',0,30,'0000-00-00','2024-03-20','2019-04-24 11:21:11',0,0,0,'','kite, kitefix, kleber, glufix','','',1,'','oxarticle',0,1,0),('7d05c716386bea333d200d369078fc73','7d090db46a124f48cb7e6836ceef3f66',1,'b56597806428de2f58b1c6c7d3e0e093','1211','Kite NBK EVO 2010','Die EVOlution geht weiter','',587.39495798319,699,111.60504201681,19,'',699,699,587.39495798319,'','','','','0/nkb_evo_2010_1_th.jpg','1/nkb_evo_2010_1.jpg','2/nopic.jpg','3/nopic.jpg','4/nopic.jpg','5/nopic.jpg',0,11,'0000-00-00','2015-12-20','2019-04-24 11:21:11',0,0,0,'','kite, nbk, evo, kiteboarding','','',1,'','oxarticle',0,1,0),('7d0c2546f294d4d3419607da444ddcdd','7d090db46a124f48cb7e6836ceef3f66',1,'f4f2d8eee51b0fd5eb60a46dff1166d8','1401','Trapez ION SOL KITE 2011','Neues Damen Freestyle-Trapez mit einer schlank geschnittenen Outline','',108.40336134454,129,20.596638655462,19,'',129,129,108.40336134454,'','','','','0/ion_sol_kite_waist_2011_1_th.jpg','1/ion_sol_kite_waist_2011_1.jpg','2/nopic.jpg','3/nopic.jpg','4/nopic.jpg','5/nopic.jpg',0,4,'0000-00-00','2006-12-20','2019-04-24 11:21:11',0,0,0,'','trapez, hüfttrapez, sol kite','','',1,'','oxarticle',0,1,0),('7d0e255c591fb5062669fd039bcf9f29','7d090db46a124f48cb7e6836ceef3f66',1,'058e613db53d782adfc9f2ccb43c45fe','2401','Bindung O\'BRIEN DECADE CT 2010','Geringes Gewicht, beste Performance!','',301.68067226891,359,57.319327731092,19,'',359,359,301.68067226891,'','','','','0/obrien_decade_ct_boot_2010_1_th.jpg','1/obrien_decade_ct_boot_2010_1.jpg','2/nopic.jpg','3/nopic.jpg','4/nopic.jpg','5/nopic.jpg',0,17,'0000-00-00','2006-12-20','2019-04-24 11:21:11',0,0,0,'','bindung, decade, schuh, wakeboarding','','',1,'','oxarticle',0,1,0),('7d0fb3c3b31d0e7545740eb771083e65','7d090db46a124f48cb7e6836ceef3f66',1,'dc5ffdf380e15674b56dd562a7cb6aec','3503','Kuyichi Ledergürtel JEVER','Ledergürtel, unisex','',25.126050420168,29.9,4.7739495798319,19,'',29.9,29.9,25.126050420168,'','','','','0/p1170221_1_th.jpg','1/p1170221_1.jpg','2/p1170222_1.jpg','3/nopic.jpg','4/nopic.jpg','5/nopic.jpg',0,16,'0000-00-00','2010-12-20','2019-04-24 11:21:11',0,0,0,'','kuyichi, leder, ledergürtel, unisex, used','','',1,'','oxarticle',0,1,0);


INSERT INTO `oxpayments` (`OXID`, `OXACTIVE`, `OXDESC`, `OXADDSUM`, `OXADDSUMTYPE`, `OXADDSUMRULES`, `OXFROMBONI`, `OXFROMAMOUNT`, `OXTOAMOUNT`, `OXVALDESC`, `OXCHECKED`, `OXDESC_1`, `OXVALDESC_1`, `OXDESC_2`, `OXVALDESC_2`, `OXDESC_3`, `OXVALDESC_3`, `OXLONGDESC`, `OXLONGDESC_1`, `OXLONGDESC_2`, `OXLONGDESC_3`, `OXSORT`, `OXTIMESTAMP`) VALUES ('oxempty',1,'Empty',0,'abs',0,0,0,0,'',0,'Empty','','','','','','for other countries','An example. Maybe for use with other countries','','',0,'2016-07-19 14:11:10'),('oxidcashondel',1,'Nachnahme',7.5,'abs',0,0,0,1000000,'',1,'COD (Cash on Delivery)','','','','','','','','','',0,'2016-07-19 14:11:10'),('oxidcreditcard',1,'Kreditkarte',20.9,'abs',0,500,0,1000000,'kktype__@@kknumber__@@kkmonth__@@kkyear__@@kkname__@@kkpruef__@@',1,'Credit Card','kktype__@@kknumber__@@kkmonth__@@kkyear__@@kkname__@@kkpruef__@@','','','','','Die Belastung Ihrer Kreditkarte erfolgt mit dem Abschluss der Bestellung.','Your Credit Card will be charged when you submit the order.','','',0,'2016-07-19 14:11:10'),('oxiddebitnote',1,'Bankeinzug/Lastschrift',0,'abs',0,0,0,1000000,'lsbankname__@@lsblz__@@lsktonr__@@lsktoinhaber__@@',0,'Direct Debit','lsbankname__@@lsblz__@@lsktonr__@@lsktoinhaber__@@','','','','','Die Belastung Ihres Kontos erfolgt mit dem Versand der Ware.','Your bank account will be charged when the order is shipped.','','',0,'2016-07-19 14:11:10'),('oxidinvoice',1,'Rechnung',0,'abs',0,800,0,1000000,'',0,'Invoice','','','','','','','','','',0,'2016-07-19 14:11:10'),('oxidpayadvance',1,'Vorauskasse',0,'abs',0,0,0,1000000,'',1,'Cash in advance','','','','','','','','','',0,'2016-07-19 14:11:10');

INSERT INTO `oxprice2article` (`OXID`, `OXSHOPID`, `OXARTID`, `OXADDABS`, `OXADDPERC`, `OXAMOUNT`, `OXAMOUNTTO`, `OXTIMESTAMP`) VALUES ('2940d4f56b63bc6c478cb5f2f10c05bb',1,'dc53d3c0ca2ae7c38bf51f3410da0bf8',25.9,0,10,19,'2019-04-24 11:21:11'),('29422debeac8a300800b8564a726065b',1,'dc53d3c0ca2ae7c38bf51f3410da0bf8',21.9,0,20,99,'2019-04-24 11:21:11'),('2945102fa83548483e946cddc6febd46',1,'dc53d3c0ca2ae7c38bf51f3410da0bf8',27.9,0,5,9,'2019-04-24 11:21:11'),('29483369d72450bb9584041ecf176c24',1,'dc5ae3d43f96269ed3c62172e383be40',25.9,0,10,19,'2019-04-24 11:21:11'),('294a2cab5799ade590ccd8dbc70dd6f7',1,'dc5ae3d43f96269ed3c62172e383be40',27.9,0,5,9,'2019-04-24 11:21:11'),('294d8aaea6a29e9e302213d83ac67664',1,'dc5ae3d43f96269ed3c62172e383be40',21.9,0,20,99,'2019-04-24 11:21:11'),('6b275eb3726f708a6b6d9ad8c6695593',1,'dc581d8a115035cbfb0223c9c736f513',27.9,0,5,9,'2019-04-24 11:21:11'),('6b2eced723764178c7ffe263ce4aec1f',1,'dc581d8a115035cbfb0223c9c736f513',25.9,0,10,19,'2019-04-24 11:21:11'),('6b2f33dd45bd5ebab454b71c17896989',1,'dc581d8a115035cbfb0223c9c736f513',21.9,0,20,99,'2019-04-24 11:21:11'),('fc702ff04ebcbf64f86c665838e15b6a',1,'0584e8b766a4de2177f9ed11d1587f55',7.99,0,1,5,'2019-04-24 11:21:11'),('fc7743d9e87c3b5c67b5cc27d449dc39',1,'0584e8b766a4de2177f9ed11d1587f55',5.99,0,11,99,'2019-04-24 11:21:11'),('fc77991eab633d6a42e87ba434632ab0',1,'0584e8b766a4de2177f9ed11d1587f55',6.99,0,6,10,'2019-04-24 11:21:11');


INSERT INTO `oxratings` (`OXID`, `OXSHOPID`, `OXUSERID`, `OXTYPE`, `OXOBJECTID`, `OXRATING`, `OXTIMESTAMP`) VALUES ('13f810d1aa415400c8abdd37a5b2181a',1,'e7af1c3b786fd02906ccd75698f4e6b9','oxarticle','d86e244c8114c8214fbf83da8d6336b3',4,'2019-04-24 11:21:11'),('944374b68a8b26d8d95a8b11ad574a75',1,'e7af1c3b786fd02906ccd75698f4e6b9','oxarticle','b56597806428de2f58b1c6c7d3e0e093',5,'2019-04-24 11:21:11'),('bcb64c798fd5ec58e5a6de30d52afee2',1,'e7af1c3b786fd02906ccd75698f4e6b9','oxarticle','f4fe754e1692b9f79f2a7b1a01bb8dee',4,'2019-04-24 11:21:11'),('c62d0873a0ed83aeed879c83aa863f23',1,'e7af1c3b786fd02906ccd75698f4e6b9','oxarticle','dc5ffdf380e15674b56dd562a7cb6aec',0,'2019-04-24 11:21:11'),('e7aa4c3a8508491a7e875f26b51fe4d0',1,'e7af1c3b786fd02906ccd75698f4e6b9','oxarticle','b56369b1fc9d7b97f9c5fc343b349ece',5,'2019-04-24 11:21:11');

INSERT INTO `oxrecommlists` (`OXID`, `OXSHOPID`, `OXUSERID`, `OXAUTHOR`, `OXTITLE`, `OXDESC`, `OXRATINGCNT`, `OXRATING`, `OXTIMESTAMP`) VALUES ('e7a0b1906e0d94e05693f06b0b6fcc32',1,'e7af1c3b786fd02906ccd75698f4e6b9','Marc Muster','Kite-Equipment','',0,0,'2019-04-24 11:21:11');

INSERT INTO `oxremark` (`OXID`, `OXPARENTID`, `OXTYPE`, `OXHEADER`, `OXTEXT`, `OXCREATE`, `OXTIMESTAMP`) VALUES ('7d0dc307d36ef90f461442579037bfad','e7af1c3b786fd02906ccd75698f4e6b9','o','2011-03-30 10:55:17','\n<p>Folgende Artikel wurden soeben unter OXID eShop EE 4 bestellt:</p>\n\nBestellnr. 1\n\n\nKite CORE GTSGeschenkverp.: KEINEEinzelpreis 879,00 EUR\nAnzahl 1\nMwSt 19%\nGesamt 879,00 EUR\nKuyichi Ledergürtel JEVERGeschenkverp.: KEINEEinzelpreis 29,90 EUR\nAnzahl 1\nMwSt 19%\nGesamt 29,90 EUR\nBindung O\'BRIEN DECADE CT 2010Geschenkverp.: KEINEEinzelpreis 359,00 EUR\nAnzahl 1\nMwSt 19%\nGesamt 359,00 EUR\nKiteFix Kleber GLUFIX (30g)Geschenkverp.: KEINEEinzelpreis 12,49 EUR\nAnzahl 1\nMwSt 19%\nGesamt 12,49 EUR\nTrapez ION SOL KITE 2011Geschenkverp.: KEINEEinzelpreis 129,00 EUR\nAnzahl 1\nMwSt 19%\nGesamt 129,00 EUR\nKite NBK EVO 2010Geschenkverp.: KEINEEinzelpreis 699,00 EUR\nAnzahl 1\nMwSt 19%\nGesamt 699,00 EUR\n------------------------------------------------------------------\nSumme Artikel (brutto): 2.108,39 EUR\n    Rabatt Aktion Schnäppchen: -157,80 EUR\n      Summe Artikel (netto): 1.639,15 EUR\n        zzgl. MwSt. 19% Betrag: 311,44 EUR\n  Versandkosten :  EUR\n\n\nGesamtsumme: 1.950,59 EUR\n\nMitteilung: Hier können Sie uns noch etwas mitteilen.\n\nBezahlinformation:\nDie Bezahlung erfolgt mit:Rechnung \n<b>BEZAHLINFORMATIONEN AUSGESCHALTET</b> - um diese einzuschalten bitte email/html/order_owner.tpl\naendern.\n\nE-Mail-Adresse: info@oxid-esales.com\n\nRechnungsanschrift:\n\nHerr Marc Muster\nHauptstr. 13\nBW\n79098 Freiburg\nDeutschland\nTelefon: \n\n\nDer Versand erfolgt mit Standard\n\n-- Bitte fügen Sie hier Ihre vollständige Anbieterkennzeichnung ein.\n','2011-03-30 10:55:17','2016-07-19 14:11:15'),('e7a798db99a5c61a3e56526e947f9d59','e7af1c3b786fd02906ccd75698f4e6b9','r','2011-02-01 08:41:25','Der Benutzer wird nach der Eingabe seines Passwortes registriert','2011-02-01 08:41:25','2016-07-19 14:11:15');

INSERT INTO `oxreviews` (`OXID`, `OXACTIVE`, `OXOBJECTID`, `OXTYPE`, `OXTEXT`, `OXUSERID`, `OXCREATE`, `OXLANG`, `OXRATING`, `OXTIMESTAMP`) VALUES ('94415306f824dc1aa2fce0dc4f12783d',0,'b56597806428de2f58b1c6c7d3e0e093','oxarticle','Fantastic kite with great performance!','e7af1c3b786fd02906ccd75698f4e6b9','2011-03-25 16:51:05',1,5,'2016-07-19 14:11:15'),('bcb341381858129f7412beb11c827a25',0,'f4fe754e1692b9f79f2a7b1a01bb8dee','oxarticle','Solides Board mit coolem Design','e7af1c3b786fd02906ccd75698f4e6b9','2011-02-01 15:44:03',0,4,'2016-07-19 14:11:15'),('e7af435915814c63c0d6e9084804ac04',0,'b56369b1fc9d7b97f9c5fc343b349ece','oxarticle','Dieser Kite ist sehr gut verarbeitet und überzeugt mit hervorragenden Allround-Eigenschaften. Vor allem aber im Freestyle-Bereich kommt seine Qualität voll zur Geltung. Ich kann ihn nur weiterempfehlen!','e7af1c3b786fd02906ccd75698f4e6b9','2011-02-01 09:03:56',0,5,'2016-07-19 14:11:15');


INSERT INTO `oxseo` (`OXOBJECTID`, `OXIDENT`, `OXSHOPID`, `OXLANG`, `OXSTDURL`, `OXSEOURL`, `OXTYPE`, `OXFIXED`, `OXEXPIRED`, `OXPARAMS`, `OXTIMESTAMP`) VALUES ('d3d9e8107af82d038f13908a971fb279','01c381c68e91fc5bbdc61f5e5e9eee69',1,1,'?cl=rss&amp;fnc=topshop','en/rss/OXID-eShop-4/Top-of-the-shop/','dynamic',0,0,'','2019-04-24 11:21:11'),('c855234180a3b4056b496120d229ea68','023abc17c853f9bccc201c5afd549a92',1,1,'index.php?cl=account_wishlist','en/my-gift-registry/','static',0,0,'','2019-04-24 11:21:11'),('e5340b054530ea779fb1802e93c8183e','02b4c1e4049b1baffba090c95a7edbf7',1,0,'index.php?cl=invite','Laden-Sie-Ihre-Freunde/','static',0,0,'','2019-04-24 11:21:11'),('ec2fb70e52cbde126bc98d8cee98dd91','035a2e5b98e65c3719ff870b03a6531d',1,0,'index.php?cl=tag&amp;searchtag=kurz','tag/kurz/','dynamic',0,0,'','2019-04-24 11:21:11'),('5ec637af87fc71966e35420afe02f20a','03920306c7f983cde93213f00ba4f5a6',1,0,'index.php?cl=tag&amp;searchtag=dunkel','tag/dunkel/','dynamic',0,0,'','2019-04-24 11:21:11'),('2e17757c0aaf8ed9ef2ba30317fa1faf','0469752d03d80da379a679aaef4c0546',1,1,'index.php?cl=suggest','en/recommend/','static',0,0,'','2019-04-24 11:21:11'),('057ef382f23bdbb84991d049af2baba9','063c82502d9dd528ce2cc40ceb76ade7',1,1,'index.php?cl=compare','en/my-product-comparison/','static',0,0,'','2019-04-24 11:21:11'),('bfedf2352ca290b937b784f5be3f53fe','06a57be3533abe5799614493dd1699cc',1,0,'index.php?cl=tag&amp;searchtag=langarm','tag/langarm/','dynamic',0,0,'','2019-04-24 11:21:11'),('943173edecf6d6870a0f357b8ac84d32','06f69155ff85e1daaa29f29dfa401e63',1,1,'index.php?cl=alist&amp;cnid=943173edecf6d6870a0f357b8ac84d32','en/Wakeboarding/','oxcategory',0,0,'','2019-04-24 11:21:11'),('058de8224773a1d5fd54d523f0c823e0','0767edaa8b366a6d4ef3bd584ac48176',1,0,'index.php?cl=details&amp;anid=058de8224773a1d5fd54d523f0c823e0&amp;cnid=0f4f08358666c54b4fde3d83d2b7ef04','Kiteboarding/Kiteboards/Kiteboard-CABRINHA-CALIBER-2011.html','oxarticle',0,0,'0f4f08358666c54b4fde3d83d2b7ef04','2019-04-24 11:21:11'),('e9ba8c79c97579300bcd537506928a90','07c8ba0266fea1d366b5a892bf946b65',1,0,'index.php?cl=tag&amp;searchtag=inflation','tag/inflation/','dynamic',0,0,'','2019-04-24 11:21:11'),('9434afb379a46d6c141de9c9e5b94fcf','08b373dc43691a65bcf12184b719ef11',1,0,'index.php?cl=manufacturerlist&amp;mnid=9434afb379a46d6c141de9c9e5b94fcf','Nach-Hersteller/Kuyichi/','oxmanufacturer',0,0,'','2019-04-24 11:21:11'),('0b257d2bf3438f4abc0515e9bbc4c1ae','0be06bbbcf6ba3906d94a658b3f44621',1,0,'index.php?cl=tag&amp;searchtag=buch','tag/buch/','dynamic',0,0,'','2019-04-24 11:21:11'),('f4fe052346b4ec271011e25c052682c5','0bf7f890ad3e91bfe86c066da1ecc136',1,1,'index.php?cl=details&amp;anid=f4fe052346b4ec271011e25c052682c5&amp;cnid=0f4fb00809cec9aa0910aa9c8fe36751','en/Kiteboarding/Kites/Kite-CORE-GT.html','oxarticle',0,0,'0f4fb00809cec9aa0910aa9c8fe36751','2019-04-24 11:21:11'),('67c5bcf75ee346bd9566bce6c8','0d2f22b49c64eaa138d717ec752e3be3',1,0,'index.php?cl=credits&amp;oxcid=67c5bcf75ee346bd9566bce6c8','Credits/','oxcontent',1,0,'','2019-04-24 11:21:11'),('3a9fd0ec4b41d001e770b1d2d7af3e73','0e3d2fdcfe72c8cdd5670b6b2497cf51',1,0,'index.php?cl=manufacturerlist&amp;mnid=3a9fd0ec4b41d001e770b1d2d7af3e73','Nach-Hersteller/Jucker-Hawaii/','oxmanufacturer',0,0,'','2019-04-24 11:21:11'),('2eb4676806a3d2e87.06076523','0f0e9506edb981aeabcc77a039cb0f84',1,1,'index.php?cl=content&amp;oxloadid=oxagb&amp;oxcid=2eb4676806a3d2e87.06076523','en/Terms-and-Conditions/','oxcontent',0,0,'','2019-04-24 11:21:11'),('adcb9deae73557006a8ac748f45288b4','0f5fda923ae81d0965f615fe372ce371',1,1,'index.php?cl=details&amp;anid=adcb9deae73557006a8ac748f45288b4&amp;cnid=fc7e7bd8403448f00a363f60f44da8f2','en/Kiteboarding/Supplies/Helmet-AHM-5000.html','oxarticle',0,0,'fc7e7bd8403448f00a363f60f44da8f2','2019-04-24 11:21:11'),('f41427a07519469f1.34718981','101202a571cbde1f16d84c0fdd95be0f',1,0,'index.php?cl=content&amp;oxloadid=oxdeliveryinfo&amp;oxcid=f41427a07519469f1.34718981','Zahlung-und-Lieferung/','oxcontent',0,0,'','2019-04-24 11:21:11'),('b56597806428de2f58b1c6c7d3e0e093','11ec8d59dbcf6e1fbe82583be10c34e7',1,1,'index.php?cl=details&amp;anid=b56597806428de2f58b1c6c7d3e0e093&amp;cnid=0f4fb00809cec9aa0910aa9c8fe36751','en/Kiteboarding/Kites/Kite-NBK-EVO-2010.html','oxarticle',0,0,'0f4fb00809cec9aa0910aa9c8fe36751','2019-04-24 11:21:11'),('d86e244c8114c8214fbf83da8d6336b3','12731f17d47077d8addbb50ab8a2371d',1,1,'index.php?cl=details&amp;anid=d86e244c8114c8214fbf83da8d6336b3&amp;cnid=0f4270b89fbef1481958381410a0dbca','en/Wakeboarding/Wakeboards/Wakeboard-SHANE.html','oxarticle',0,0,'0f4270b89fbef1481958381410a0dbca','2019-04-24 11:21:11'),('7bc8a506bbca225a2f95b6eac66020bf','1368f5e45468ca1e1c7c84f174785c35',1,1,'index.php?cl=account_noticelist','en/my-wish-list/','static',0,0,'','2019-04-24 11:21:11'),('05848170643ab0deb9914566391c0c63','136ad48fac6900bded125ee7d4d1c187',1,1,'index.php?cl=details&amp;anid=05848170643ab0deb9914566391c0c63&amp;cnid=0f41a4463b227c437f6e6bf57b1697c4','en/Kiteboarding/Harnesses/Harness-MADTRIXX.html','oxarticle',0,0,'0f41a4463b227c437f6e6bf57b1697c4','2019-04-24 11:21:11'),('2f373d7aabf1412097ae62c207e20e7c','1573b0d378f3e365eec9112228cab176',1,0,'index.php?cl=tag&amp;searchtag=tube','tag/tube/','dynamic',0,0,'','2019-04-24 11:21:11'),('d1583709dc36e9d936a91ea3e186596e','16d7e67c4691fdd4b6b4042f04328331',1,0,'index.php?cl=tag&amp;searchtag=pumpe','tag/pumpe/','dynamic',0,0,'','2019-04-24 11:21:11'),('d863b76c6bb90a970a5577adf890e8cd','1753ab67b6d2504cd6a72d5a150e54bb',1,0,'index.php?cl=alist&amp;cnid=d863b76c6bb90a970a5577adf890e8cd','Bekleidung/Fashion/Fuer-Sie/Jeans/','oxcategory',0,0,'','2019-04-24 11:21:11'),('0f40c6a077b68c21f164767c4a903fd2','177fe66d2562547903165cba4f4dc67d',1,0,'index.php?cl=alist&amp;cnid=0f40c6a077b68c21f164767c4a903fd2','Wakeboarding/Bindungen/','oxcategory',0,0,'','2019-04-24 11:21:11'),('087e388398ae3239ffe8942ada8cc3cb','18080109088c49eb16b14e8dfea68e3b',1,0,'index.php?cl=tag&amp;searchtag=%C3%A4rmellos','tag/aermellos/','dynamic',0,0,'','2019-04-24 11:21:11'),('9434afb379a46d6c141de9c9e5b94fcf','198a36a67a4bd692b0c34de09f86a289',1,1,'index.php?cl=manufacturerlist&amp;mnid=9434afb379a46d6c141de9c9e5b94fcf','en/By-Manufacturer/Kuyichi/','oxmanufacturer',0,0,'','2019-04-24 11:21:11'),('0f4270b89fbef1481958381410a0dbca','1a6d42494166a7a5e3030972824ce4af',1,0,'index.php?cl=alist&amp;cnid=0f4270b89fbef1481958381410a0dbca','Wakeboarding/Wakeboards/','oxcategory',0,0,'','2019-04-24 11:21:11'),('943a9ba3050e78b443c16e043ae60ef3','1eb505f627b8020b9a9ab044959ca7df',1,1,'index.php?cl=alist&amp;cnid=943a9ba3050e78b443c16e043ae60ef3','en/Kiteboarding/','oxcategory',0,0,'','2019-04-24 11:21:11'),('c855234180a3b4056b496120d229ea68','1f30ae9b1c78b7dc89d3e5fe9eb0de59',1,0,'index.php?cl=account_wishlist','mein-wunschzettel/','static',0,0,'','2019-04-24 11:21:11'),('fad181ad64642b955becd0759345161e','2217e6e0c9f96f0392e2131d88e07e88',1,1,'index.php?cl=alist&amp;cnid=fad181ad64642b955becd0759345161e','en/Gear/Fashion/','oxcategory',0,0,'','2019-04-24 11:21:11'),('f4fc98f99e3660bd2ecd7450f832c41a','22fdfcc8f21658ab19e17a2966376596',1,0,'index.php?cl=details&amp;anid=f4fc98f99e3660bd2ecd7450f832c41a&amp;cnid=fada9485f003c731b7fad08b873214e0','Bekleidung/Sportswear/Neopren/Anzuege/Neoprenanzug-NPX-ASSASSIN.html','oxarticle',0,0,'fada9485f003c731b7fad08b873214e0','2019-04-24 11:21:11'),('fc7e7bd8403448f00a363f60f44da8f2','25b7117756755394d13158d723223899',1,0,'index.php?cl=alist&amp;cnid=fc7e7bd8403448f00a363f60f44da8f2','Kiteboarding/Zubehoer/','oxcategory',0,0,'','2019-04-24 11:21:11'),('b4f456183a66e6c53b1f3f7f476cf2ee','25d988d339a848ee42267509027dea3d',1,0,'?cl=rss&amp;fnc=newarts','rss/OXID-eShop-4/Neue-Artikel-im-Shop/','dynamic',0,0,'','2019-04-24 11:21:11'),('c4241316b2e5c1966.96997012','28314d26c3e79a04191bb5f24c67a8b6',1,0,'index.php?cl=content&amp;oxloadid=oxhelpdefault&amp;oxcid=c4241316b2e5c1966.96997012','Hilfe-Main/','oxcontent',0,0,'','2019-04-24 11:21:11'),('965acb9a653478a186e55468c6df7406','295d6617dc22b6d8186667ecd6e3ae87',1,0,'index.php?cl=clearcookies','cookies/','static',0,0,'','2019-04-24 11:21:11'),('f4fc98f99e3660bd2ecd7450f832c41a','2a192bb8c23278a96007a6b4684370c3',1,1,'index.php?cl=details&amp;anid=f4fc98f99e3660bd2ecd7450f832c41a&amp;cnid=fada9485f003c731b7fad08b873214e0','en/Gear/Sportswear/Neoprene/Suits/Wetsuit-NPX-ASSASSIN.html','oxarticle',0,0,'fada9485f003c731b7fad08b873214e0','2019-04-24 11:21:11'),('fad181ad64642b955becd0759345161e','2b497d7677a79fe15a230097a40100ad',1,0,'index.php?cl=alist&amp;cnid=fad181ad64642b955becd0759345161e','Bekleidung/Fashion/','oxcategory',0,0,'','2019-04-24 11:21:11'),('fadc492a5807c56eb80b0507accd756b','2c8af9bc6bf0373f5cfb18b63169f585',1,0,'index.php?cl=details&amp;anid=fadc492a5807c56eb80b0507accd756b&amp;cnid=0f4fb00809cec9aa0910aa9c8fe36751','Kiteboarding/Kites/Kite-SPLEENE-SP-X-2010.html','oxarticle',0,0,'0f4fb00809cec9aa0910aa9c8fe36751','2019-04-24 11:21:11'),('dc5b9cfeb5bd96fdbd9b4e43974661a1','30013f25324d83589094d4bdbb8bda60',1,0,'index.php?cl=details&amp;anid=dc5b9cfeb5bd96fdbd9b4e43974661a1&amp;cnid=0f4fb00809cec9aa0910aa9c8fe36751','Kiteboarding/Kites/Kite-FLYSURFER-SPEED3.html','oxarticle',0,0,'0f4fb00809cec9aa0910aa9c8fe36751','2019-04-24 11:21:11'),('7f9c8d50259c8b2298eb7f105d2d2bb4','304055f1acd1c4301c11be91a962f622',1,0,'index.php?cl=tag&amp;searchtag=kite','tag/kite/','dynamic',0,0,'','2019-04-24 11:21:11'),('oiaf6ab7e12e86291e86dd3ff891fe40','31218a8f34693b5a97fdd332c914305c',1,1,'index.php?cl=manufacturerlist&amp;mnid=oiaf6ab7e12e86291e86dd3ff891fe40','en/By-Manufacturer/O-Reilly/','oxmanufacturer',0,0,'','2019-04-24 11:21:11'),('d86e244c8114c8214fbf83da8d6336b3','320c2e054febe7cd54b8c244c6e09ea9',1,0,'index.php?cl=details&amp;anid=d86e244c8114c8214fbf83da8d6336b3&amp;cnid=0f4270b89fbef1481958381410a0dbca','Wakeboarding/Wakeboards/Wakeboard-LIQUID-FORCE-SHANE-2010.html','oxarticle',0,0,'0f4270b89fbef1481958381410a0dbca','2019-04-24 11:21:11'),('7e23127b62592312ecec706748287342','3253ddf327642a629c621abbc1dc74ad',1,0,'index.php?cl=tag&amp;searchtag=kiteboard','tag/kiteboard/','dynamic',0,0,'','2019-04-24 11:21:11'),('f0ddcc1118c00c141b8ac26d471506ee','33c8dfdf78b7ba49190f516cb00778a9',1,0,'index.php?cl=tag&amp;searchtag=liquid%20force','tag/liquid-force/','dynamic',0,0,'','2019-04-24 11:21:11'),('f41427a07519469f1.34718981','34191c32cedbe8832d6aebb58b4555b3',1,1,'index.php?cl=content&amp;oxloadid=oxdeliveryinfo&amp;oxcid=f41427a07519469f1.34718981','en/Shipping-and-Charges/','oxcontent',0,0,'','2019-04-24 11:21:11'),('e6ca052eb53edd8ce0774c675d5a630a','351ac1d54ebfe7649aa3f25b49fa631b',1,0,'index.php?cl=tag&amp;searchtag=oxid','tag/oxid/','dynamic',0,0,'','2019-04-24 11:21:11'),('f4f73033cf5045525644042325355732','353801c68b6aeefc62533c819ebad3e6',1,1,'index.php?cl=details&amp;anid=f4f73033cf5045525644042325355732&amp;cnid=fadcb6dd70b9f6248efa425bd159684e','en/Special-Offers/Transport-container-BARREL.html','oxarticle',0,0,'fadcb6dd70b9f6248efa425bd159684e','2019-04-24 11:21:11'),('f41427a099a603773.44301043','36152357000b7b33d50feadcd8838e05',1,0,'index.php?cl=content&amp;oxloadid=oxsecurityinfo&amp;oxcid=f41427a099a603773.44301043','Datenschutz/','oxcontent',0,0,'','2019-04-24 11:21:11'),('5703b4628d94efe9d263f997e252ce7b','38b54bdcfbc6e1a021113520e9bd7391',1,0,'index.php?cl=tag&amp;searchtag=kiteboarding','tag/kiteboarding/','dynamic',0,0,'','2019-04-24 11:21:11'),('fad569d6659caca39bc93e98d13dd58b','39efbe5c0748edd0c8280e8cacb6fc65',1,0,'index.php?cl=alist&amp;cnid=fad569d6659caca39bc93e98d13dd58b','Bekleidung/Sportswear/','oxcategory',0,0,'','2019-04-24 11:21:11'),('adcb9deae73557006a8ac748f45288b4','3a3a103a70d381389c8ea1949d35d236',1,0,'index.php?cl=details&amp;anid=adcb9deae73557006a8ac748f45288b4&amp;cnid=fc7e7bd8403448f00a363f60f44da8f2','Kiteboarding/Zubehoer/Helm-AHM-5000.html','oxarticle',0,0,'fc7e7bd8403448f00a363f60f44da8f2','2019-04-24 11:21:11'),('e56acdd347b0516f68a0afdd811e2382','3a41965fb36fb45df7f4f9a4377f6364',1,1,'index.php?cl=newsletter','en/newsletter/','static',0,0,'','2019-04-24 11:21:11'),('ab459c0dc911137e9cc024d9fba5a68b','3bdd64bd8073d044d8fd60334ed9b725',1,1,'index.php?cl=start','en/home/','static',0,0,'','2019-04-24 11:21:11'),('2eb46767947d21851.22681675','3e2a46c6550d9f8ec5a7f3216d023db2',1,1,'index.php?cl=content&amp;oxloadid=oximpressum&amp;oxcid=2eb46767947d21851.22681675','en/About-Us/','oxcontent',0,0,'','2019-04-24 11:21:11'),('2d5e48b9e41fed706ce2d968c73f7419','3e3958956b9e7592f9c592ebebddcd81',1,1,'?cl=rss&amp;fnc=catarts&amp;cat=943173edecf6d6870a0f357b8ac84d32','en/rss/Category/Wakeboarding/','dynamic',0,0,'','2019-04-24 11:21:11'),('531b537118f5f4d7a427cdb825440922','3fb2c91d6e280d94434e39a09ff34bfe',1,1,'index.php?cl=details&amp;anid=531b537118f5f4d7a427cdb825440922&amp;cnid=d863b76c6bb90a970a5577adf890e8cd','en/Gear/Fashion/For-Her/Jeans/Kuyichi-Jeans-ANNA.html','oxarticle',0,0,'d863b76c6bb90a970a5577adf890e8cd','2019-04-24 11:21:11'),('fada9485f003c731b7fad08b873214e0','4146c8e9efd6d876bcc5679f0fa79895',1,0,'index.php?cl=alist&amp;cnid=fada9485f003c731b7fad08b873214e0','Bekleidung/Sportswear/Neopren/Anzuege/','oxcategory',0,0,'','2019-04-24 11:21:11'),('3a909e7c886063857e86982c7a3c5b84','43f80b7632ef976322d8385b78acab04',1,1,'index.php?cl=manufacturerlist&amp;mnid=3a909e7c886063857e86982c7a3c5b84','en/By-Manufacturer/Mauirippers/','oxmanufacturer',0,0,'','2019-04-24 11:21:11'),('90a3eccf9d7121a9ca7d659f29021b7a','44d07810b897a415dee6584e57bda35d',1,0,'index.php?cl=manufacturerlist&amp;mnid=90a3eccf9d7121a9ca7d659f29021b7a','Nach-Hersteller/Cabrinha/','oxmanufacturer',0,0,'','2019-04-24 11:21:11'),('a305673d7ae35e49ae03838f8cf4c568','460399b972f16b0f3062af7c6ff3c129',1,1,'?cl=rss&amp;fnc=catarts&amp;cat=30e44ab83fdee7564.23264141','en/rss/Category/Gear/','dynamic',0,0,'','2019-04-24 11:21:11'),('fc7e7bd8403448f00a363f60f44da8f2','47cbafc83f8ba61fdf1e30406bcb33b7',1,1,'index.php?cl=alist&amp;cnid=fc7e7bd8403448f00a363f60f44da8f2','en/Kiteboarding/Supplies/','oxcategory',0,0,'','2019-04-24 11:21:11'),('f1ff5b60ac4908ecc06b9244bd1d3544','492b9ea7903fb667d202e8fa9382c96b',1,0,'index.php?cl=tag&amp;searchtag=gerade','tag/gerade/','dynamic',0,0,'','2019-04-24 11:21:11'),('efaf9266cf7de3a8c84cea167285eb83','4a70a4cd11d63fdce96fbe4ba8e714e6',1,1,'index.php?cnid=oxmore&amp;cl=alist','en/more/','static',0,0,'','2019-04-24 11:21:11'),('f4fe754e1692b9f79f2a7b1a01bb8dee','4a7eabd1b367bf01f2a9c51e74b00a4e',1,0,'index.php?cl=details&amp;anid=f4fe754e1692b9f79f2a7b1a01bb8dee&amp;cnid=0f4f08358666c54b4fde3d83d2b7ef04','Kiteboarding/Kiteboards/Kiteboard-RRD-TOXIC-WAVE2.html','oxarticle',0,0,'0f4f08358666c54b4fde3d83d2b7ef04','2019-04-24 11:21:11'),('adc566c366db8eaf30c6c124a09e82b3','4bee6bb7cd59c8a80c1dfe1ec0bef153',1,1,'index.php?cl=manufacturerlist&amp;mnid=adc566c366db8eaf30c6c124a09e82b3','en/By-Manufacturer/Core-Kiteboarding/','oxmanufacturer',0,0,'','2019-04-24 11:21:11'),('efaf9266cf7de3a8c84cea167285eb83','4d3d4d70b09b5d2bd992991361374c67',1,0,'index.php?cnid=oxmore&amp;cl=alist','mehr/','static',0,0,'','2019-04-24 11:21:11'),('oiaa81b5e002fc2f73b9398c361c0b97','4d5580eb335684f3728fdbf920a32b34',1,1,'index.php?cl=details&amp;anid=oiaa81b5e002fc2f73b9398c361c0b97&amp;cnid=oia9ff5c96f1f29d527b61202ece0829','en/Downloads/Online-shops-with-OXID-eShop.html','oxarticle',0,0,'oia9ff5c96f1f29d527b61202ece0829','2019-04-24 11:21:11'),('d86f775338da3228bec9e968f02e7551','4d91b1c6f743483e5ebc6e6016ca68c3',1,0,'index.php?cl=details&amp;anid=d86f775338da3228bec9e968f02e7551&amp;cnid=fc7e7bd8403448f00a363f60f44da8f2','Kiteboarding/Zubehoer/Kite-Leinen-VECTOR-QUAD-PRO.html','oxarticle',0,0,'fc7e7bd8403448f00a363f60f44da8f2','2019-04-24 11:21:11'),('d861ad687c60820255dbf8f88516f24d','4dfbc85bc8b5be190a968659fe6f6b3e',1,1,'index.php?cl=details&amp;anid=d861ad687c60820255dbf8f88516f24d&amp;cnid=fc7e7bd8403448f00a363f60f44da8f2','en/Kiteboarding/Supplies/Pump-CABRINHA-INFLATION-2011.html','oxarticle',0,0,'fc7e7bd8403448f00a363f60f44da8f2','2019-04-24 11:21:11'),('d86d90e4b441aa3f0004dcda5ba5bb38','4fdea5daf3ed4b8eba88f9ae0fee98a3',1,1,'index.php?cl=alist&amp;cnid=d86d90e4b441aa3f0004dcda5ba5bb38','en/Wakeboarding/Sets/','oxcategory',0,0,'','2019-04-24 11:21:11'),('0f41a4463b227c437f6e6bf57b1697c4','5058602f4de4f5c7c348a9300bbd98ad',1,1,'index.php?cl=alist&amp;cnid=0f41a4463b227c437f6e6bf57b1697c4','en/Kiteboarding/Harnesses/','oxcategory',0,0,'','2019-04-24 11:21:11'),('18f64cbbc296a32fb84b3bbe31dfed09','510fef34e5d9b86f6a77af949d15950e',1,1,'index.php?cl=account','en/my-account/','static',0,0,'','2019-04-24 11:21:11'),('oiaa81b5e002fc2f73b9398c361c0b97','530d5a39924776f610a1d7e292e66434',1,0,'index.php?cl=details&amp;anid=oiaa81b5e002fc2f73b9398c361c0b97&amp;cnid=oia9ff5c96f1f29d527b61202ece0829','Downloads/Online-Shops-mit-OXID-eShop.html','oxarticle',0,0,'oia9ff5c96f1f29d527b61202ece0829','2019-04-24 11:21:11'),('ace1e168a1e8183a2aa79c2243171a29','5668048844927ca2767140c219e04efc',1,1,'index.php?cl=account_user','en/my-address/','static',0,0,'','2019-04-24 11:21:11'),('0f40c6a077b68c21f164767c4a903fd2','568e25f2f338e5d993dbd26b7cea78c5',1,1,'index.php?cl=alist&amp;cnid=0f40c6a077b68c21f164767c4a903fd2','en/Wakeboarding/Bindings/','oxcategory',0,0,'','2019-04-24 11:21:11'),('fada9485f003c731b7fad08b873214e0','59e8f38f9b5ae02674b8992affd5a1e0',1,1,'index.php?cl=alist&amp;cnid=fada9485f003c731b7fad08b873214e0','en/Gear/Sportswear/Neoprene/Suits/','oxcategory',0,0,'','2019-04-24 11:21:11'),('d861ad687c60820255dbf8f88516f24d','5a4e41ca6c6c99cd6d1e3db2f3301305',1,0,'index.php?cl=details&amp;anid=d861ad687c60820255dbf8f88516f24d&amp;cnid=fc7e7bd8403448f00a363f60f44da8f2','Kiteboarding/Zubehoer/Pumpe-CABRINHA-INFLATION-2011.html','oxarticle',0,0,'fc7e7bd8403448f00a363f60f44da8f2','2019-04-24 11:21:11'),('4c6f0e0e65145c06b6d30a301798f6b7','5bb0791a15c9be6d37e045a22af8b6cf',1,0,'index.php?cl=tag&amp;searchtag=l%C3%A4ssig','tag/laessig/','dynamic',0,0,'','2019-04-24 11:21:11'),('0f4fb00809cec9aa0910aa9c8fe36751','5c17b101c59ab3431f4609783f9a5e23',1,0,'index.php?cl=alist&amp;cnid=0f4fb00809cec9aa0910aa9c8fe36751','Kiteboarding/Kites/','oxcategory',0,0,'','2019-04-24 11:21:11'),('0563ce7f6a400737ce0e1c2b2c733e49','5cc081514a72b0ce3d7eec4fb1e6f1dd',1,1,'index.php?cl=forgotpwd','en/forgot-password/','static',0,0,'','2019-04-24 11:21:11'),('f6bd7f77caae70afad276584caa6450a','5d752e9e8302eeb21df24d1aee573234',1,0,'index.php?cl=wishlist','wunschzettel/','static',0,0,'','2019-04-24 11:21:11'),('6d9b5b3ee58bca1bd7be188f71e80ef2','5eb126725ba500e6bbf1aecaa876dc48',1,1,'index.php?cl=review','en/product-review/','static',0,0,'','2019-04-24 11:21:11'),('d863b76c6bb90a970a5577adf890e8cd','6007566acc39faf53e1e3fccd28b9783',1,1,'index.php?cl=alist&amp;cnid=d863b76c6bb90a970a5577adf890e8cd','en/Gear/Fashion/For-Her/Jeans/','oxcategory',0,0,'','2019-04-24 11:21:11'),('9774bb599fe82052f573cdb9f16af228','60a53a105fed9c486153f46156377438',1,0,'index.php?cl=tag&amp;searchtag=protection','tag/protection/','dynamic',0,0,'','2019-04-24 11:21:11'),('74968c71ac7f04eff4080c086b6fd728','62ce1fee13db879fb52fe71987ab3bbf',1,0,'index.php?cl=tag&amp;searchtag=kuyichi','tag/kuyichi/','dynamic',0,0,'','2019-04-24 11:21:11'),('56ebd65f4a7cc25de1dc1f7cf15591fb','637daadf1eaad2b9641333c2b1572883',1,0,'index.php?cl=news','news/','static',0,0,'','2019-04-24 11:21:11'),('f4f0cb3606e231c3fdb34fcaee2d6d04','63f47453a4ae5374b049689534b7f231',1,0,'index.php?cl=details&amp;anid=f4f0cb3606e231c3fdb34fcaee2d6d04&amp;cnid=0f4fb00809cec9aa0910aa9c8fe36751','Kiteboarding/Kites/Kite-LIQUID-FORCE-ENVY.html','oxarticle',0,0,'0f4fb00809cec9aa0910aa9c8fe36751','2019-04-24 11:21:11'),('f4f2d8eee51b0fd5eb60a46dff1166d8','65e0ff94a69e72dd78c4235b0ce2d948',1,1,'index.php?cl=details&amp;anid=f4f2d8eee51b0fd5eb60a46dff1166d8&amp;cnid=0f41a4463b227c437f6e6bf57b1697c4','en/Kiteboarding/Harnesses/Harness-SOL-KITE.html','oxarticle',0,0,'0f41a4463b227c437f6e6bf57b1697c4','2019-04-24 11:21:11'),('f4fe052346b4ec271011e25c052682c5','663af85e96cf26cf44ecd08c67eb458d',1,0,'index.php?cl=details&amp;anid=f4fe052346b4ec271011e25c052682c5&amp;cnid=0f4fb00809cec9aa0910aa9c8fe36751','Kiteboarding/Kites/Kite-CORE-GT.html','oxarticle',0,0,'0f4fb00809cec9aa0910aa9c8fe36751','2019-04-24 11:21:11'),('90a3eccf9d7121a9ca7d659f29021b7a','694d3848062bffcbf0116cba48543331',1,1,'index.php?cl=manufacturerlist&amp;mnid=90a3eccf9d7121a9ca7d659f29021b7a','en/By-Manufacturer/Cabrinha/','oxmanufacturer',0,0,'','2019-04-24 11:21:11'),('6381472292282065de36a7e89e1783d9','6991dd2701d4e53f9549b1a373828a4b',1,0,'index.php?cl=tag&amp;searchtag=jeans','tag/jeans/','dynamic',0,0,'','2019-04-24 11:21:11'),('f560b18b547bca23752a154b45120980','6b30b01fe01b80894efc0f29610e5215',1,0,'index.php?cl=account_password','mein-passwort/','static',0,0,'','2019-04-24 11:21:11'),('f560b18b547bca23752a154b45120980','6c890ac1255a99f8d1eb46f1193843d6',1,1,'index.php?cl=account_password','en/my-password/','static',0,0,'','2019-04-24 11:21:11'),('6b9408d455f8e3f7976cafdfee4af886','702b262d137db8b40ebdeaa049190eb2',1,0,'?cl=rss&amp;fnc=searcharts','rss/Suche/','dynamic',0,0,'','2019-04-24 11:21:11'),('f41427a099a603773.44301043','70e92b5b1eb44b87f63e76a517935383',1,1,'index.php?cl=content&amp;oxloadid=oxsecurityinfo&amp;oxcid=f41427a099a603773.44301043','en/Privacy-Policy/','oxcontent',0,0,'','2019-04-24 11:21:11'),('3a97c94553428daed76ba83e54d3876f','72dce378114a143e848aef67d0ae28d7',1,0,'index.php?cl=manufacturerlist&amp;mnid=3a97c94553428daed76ba83e54d3876f','Nach-Hersteller/Big-Matsol/','oxmanufacturer',0,0,'','2019-04-24 11:21:11'),('4228fda22241fdd7c7d4508873518614','7312e780d1936d23ec5ed21da6d41c78',1,0,'index.php?cl=tag&amp;searchtag=download','tag/download/','dynamic',0,0,'','2019-04-24 11:21:11'),('d8631f92ababb452139f222afb81cd36','73c634236db18b14f305d126ea895028',1,0,'index.php?cl=details&amp;anid=d8631f92ababb452139f222afb81cd36&amp;cnid=0f4f08358666c54b4fde3d83d2b7ef04','Kiteboarding/Kiteboards/Kiteboard-NAISH-MOMENTUM.html','oxarticle',0,0,'0f4f08358666c54b4fde3d83d2b7ef04','2019-04-24 11:21:11'),('c655bf0735fe3ff505bf8779b1163ab4','7455d5d377806b027c7645e712455af8',1,0,'index.php?cl=tag&amp;searchtag=helm','tag/helm/','dynamic',0,0,'','2019-04-24 11:21:11'),('adc6df0977329923a6330cc8f3c0a906','74ac133a0e9403952de061c9fd735449',1,0,'index.php?cl=manufacturerlist&amp;mnid=adc6df0977329923a6330cc8f3c0a906','Nach-Hersteller/Liquid-Force/','oxmanufacturer',0,0,'','2019-04-24 11:21:11'),('d94e81e53de13fce80191c29d99341f6','752a24a2c7cc1dd7dee1be2509535465',1,0,'index.php?cl=tag&amp;searchtag=tr%C3%A4ger','tag/traeger/','dynamic',0,0,'','2019-04-24 11:21:11'),('e7a0b1906e0d94e05693f06b0b6fcc32','7588c212b22a593a7fdf4f4f041e49da',1,0,'index.php?cl=recommlist&amp;recommid=e7a0b1906e0d94e05693f06b0b6fcc32','Empfehlungslisten/Kite-Equipment/','dynamic',0,0,'','2019-04-24 11:21:11'),('04abcb465a8d3a4441df4c480838d23d','7685924d3f3fb7e9bda421c57f665af4',1,1,'index.php?cl=contact','en/contact/','static',0,0,'','2019-04-24 11:21:11'),('54e6cb217a77ff2904e54577904eeea8','77be6af44a337f2950d5e142076198a9',1,0,'index.php?cl=tag&amp;searchtag=shirt','tag/shirt/','dynamic',0,0,'','2019-04-24 11:21:11'),('7373e335b94344af806493daf6d5c734','7c52709ac554016d32f50bdf812d5eed',1,0,'index.php?cl=tag&amp;searchtag=longsleeve','tag/longsleeve/','dynamic',0,0,'','2019-04-24 11:21:11'),('943a9ba3050e78b443c16e043ae60ef3','808c19aa67a003b44ebc0745a0e44973',1,0,'index.php?cl=alist&amp;cnid=943a9ba3050e78b443c16e043ae60ef3','Kiteboarding/','oxcategory',0,0,'','2019-04-24 11:21:11'),('fad2d80baf7aca6ac54e819e066f24aa','81a7e91d25d729ebb72b06ce883b55c1',1,1,'index.php?cl=alist&amp;cnid=fad2d80baf7aca6ac54e819e066f24aa','en/Gear/Sportswear/Neoprene/','oxcategory',0,0,'','2019-04-24 11:21:11'),('c4241316b2e5c1966.96997012','81f0689517088802fef61d4cc9f1d48f',1,1,'index.php?cl=content&amp;oxloadid=oxhelpdefault&amp;oxcid=c4241316b2e5c1966.96997012','en/Help-Main/','oxcontent',0,0,'','2019-04-24 11:21:11'),('2e17757c0aaf8ed9ef2ba30317fa1faf','82dd672d68d8f6c943f98ccdaecda691',1,0,'index.php?cl=suggest','empfehlen/','static',0,0,'','2019-04-24 11:21:11'),('dc5ec524a9aa6175cf7a498d70ce510a','83c2a9997f022c249da68174f2cc5746',1,0,'index.php?cl=manufacturerlist&amp;mnid=dc5ec524a9aa6175cf7a498d70ce510a','Nach-Hersteller/NPX/','oxmanufacturer',0,0,'','2019-04-24 11:21:11'),('30e44ab83fdee7564.23264141','8506259ed2d13b3e586a039c080172ee',1,0,'index.php?cl=alist&amp;cnid=30e44ab83fdee7564.23264141','Bekleidung/','oxcategory',0,0,'','2019-04-24 11:21:11'),('3a9fd0ec4b41d001e770b1d2d7af3e73','858b366351dea6329ab39c5ca0d8cdbc',1,1,'index.php?cl=manufacturerlist&amp;mnid=3a9fd0ec4b41d001e770b1d2d7af3e73','en/By-Manufacturer/Jucker-Hawaii/','oxmanufacturer',0,0,'','2019-04-24 11:21:11'),('fad569d6659caca39bc93e98d13dd58b','861aff1effecb3d8dcb91d5b4471bcac',1,1,'index.php?cl=alist&amp;cnid=fad569d6659caca39bc93e98d13dd58b','en/Gear/Sportswear/','oxcategory',0,0,'','2019-04-24 11:21:11'),('18f64cbbc296a32fb84b3bbe31dfed09','89c5e6bf1b5441599c4815281debe8df',1,0,'index.php?cl=account','mein-konto/','static',0,0,'','2019-04-24 11:21:11'),('c71c50f5443d85b37a013420857e83e7','8afe769d3de8b5db0a872b23f959dd36',1,1,'index.php?cl=download','en/download/','static',0,0,'','2019-04-24 11:21:11'),('719feddbcd113141c69ba5417947c012','8b0e1946d328a40ce95efc801e18d946',1,0,'index.php?cl=tag&amp;searchtag=o%20039%20reilley','tag/o-039-reilley/','dynamic',0,0,'','2019-04-24 11:21:11'),('dc57391739360d306c8dfcb3a4295e19','8b506a9375a577eafabc122d387c44bb',1,0,'index.php?cl=details&amp;anid=dc57391739360d306c8dfcb3a4295e19&amp;cnid=0f4fb00809cec9aa0910aa9c8fe36751','Kiteboarding/Kites/Kite-RRD-PASSION-2010.html','oxarticle',0,0,'0f4fb00809cec9aa0910aa9c8fe36751','2019-04-24 11:21:11'),('0ff37f031805158243e8eb65da5b9793','8c3a5d2ed87effe6e70ede1f8e50b78c',1,0,'index.php?cl=tag&amp;searchtag=pima','tag/pima/','dynamic',0,0,'','2019-04-24 11:21:11'),('fad21eb148918c8f4d9f0077fedff1ba','8cccb364d7ab28e167446aab1006a08e',1,0,'index.php?cl=details&amp;anid=fad21eb148918c8f4d9f0077fedff1ba&amp;cnid=0f4fb00809cec9aa0910aa9c8fe36751','Kiteboarding/Kites/Kite-LIQUID-FORCE-HAVOC.html','oxarticle',0,0,'0f4fb00809cec9aa0910aa9c8fe36751','2019-04-24 11:21:11'),('b4f456183a66e6c53b1f3f7f476cf2ee','8d952a1fe47028a6f3fa142e92d27fd1',1,1,'?cl=rss&amp;fnc=newarts','en/rss/OXID-eShop-4/Recent-products-in-shop/','dynamic',0,0,'','2019-04-24 11:21:11'),('b7e822dee212a2fd5957259f89c1d8ea','8e05a6099411fe7680635d75911abc7c',1,0,'index.php?cl=tag&amp;searchtag=anna','tag/anna/','dynamic',0,0,'','2019-04-24 11:21:11'),('adc566c366db8eaf30c6c124a09e82b3','8e798a64d958dfa059c39093a5e43cda',1,0,'index.php?cl=manufacturerlist&amp;mnid=adc566c366db8eaf30c6c124a09e82b3','Nach-Hersteller/Core-Kiteboarding/','oxmanufacturer',0,0,'','2019-04-24 11:21:11'),('05c0f9a36dc4eaf3df528f0da18664d8','8e7ebaebb0a810576453082e1f8f2fa3',1,1,'index.php?cl=account_recommlist','en/my-listmania-list/','static',0,0,'','2019-04-24 11:21:11'),('531b537118f5f4d7a427cdb825440922','8fc93365244b15e6920edadedee25aff',1,0,'index.php?cl=details&amp;anid=531b537118f5f4d7a427cdb825440922&amp;cnid=d863b76c6bb90a970a5577adf890e8cd','Bekleidung/Fashion/Fuer-Sie/Jeans/Kuyichi-Jeans-ANNA.html','oxarticle',0,0,'d863b76c6bb90a970a5577adf890e8cd','2019-04-24 11:21:11'),('oia9ff5c96f1f29d527b61202ece0829','90595e7766505217d1549a1272f9ac5b',1,1,'index.php?cl=alist&amp;cnid=oia9ff5c96f1f29d527b61202ece0829','en/Downloads/','oxcategory',0,0,'','2019-04-24 11:21:11'),('3a97c94553428daed76ba83e54d3876f','91e2fb07e72d5fb483dda086c1bcff74',1,1,'index.php?cl=manufacturerlist&amp;mnid=3a97c94553428daed76ba83e54d3876f','en/By-Manufacturer/Big-Matsol/','oxmanufacturer',0,0,'','2019-04-24 11:21:11'),('61c5d6965b480012aabb3a6701254b75','9372b6be2d98021fb93302a6a34bfc8c',1,1,'index.php?cl=recommlist','en/Recommendation-Lists/','static',0,0,'','2019-04-24 11:21:11'),('root','9411d92bed92a131712b1f0f03d9fb42',1,1,'index.php?cl=manufacturerlist&amp;mnid=root','en/By-Manufacturer/','oxmanufacturer',0,0,'','2019-04-24 11:21:11'),('6bcedaf29a52e260a2819fa59f92fc7c','946eeafad25cd03fb25e399c84b5fa28',1,0,'index.php?cl=tag&amp;searchtag=board','tag/board/','dynamic',0,0,'','2019-04-24 11:21:11'),('343c043546b3d653647e75d2e246ce94','9508bb0d70121d49e4d4554c5b1af81d',1,0,'index.php?cl=links','links/','static',0,0,'','2019-04-24 11:21:11'),('b56597806428de2f58b1c6c7d3e0e093','98a6a19085d9b52a97582496fb80cb16',1,0,'index.php?cl=details&amp;anid=b56597806428de2f58b1c6c7d3e0e093&amp;cnid=0f4fb00809cec9aa0910aa9c8fe36751','Kiteboarding/Kites/Kite-NBK-EVO-2010.html','oxarticle',0,0,'0f4fb00809cec9aa0910aa9c8fe36751','2019-04-24 11:21:11'),('ed6573c0259d6a6fb641d106dcb2faec','98e60f0b3223ef1a973d2063c237eec2',1,0,'index.php?cl=details&amp;anid=ed6573c0259d6a6fb641d106dcb2faec&amp;cnid=0f4270b89fbef1481958381410a0dbca','Wakeboarding/Wakeboards/Wakeboard-LIQUID-FORCE-GROOVE-2010.html','oxarticle',0,0,'0f4270b89fbef1481958381410a0dbca','2019-04-24 11:21:11'),('058e613db53d782adfc9f2ccb43c45fe','9965bdd4ff18cf4e3bb11281834f6c70',1,0,'index.php?cl=details&amp;anid=058e613db53d782adfc9f2ccb43c45fe&amp;cnid=0f40c6a077b68c21f164767c4a903fd2','Wakeboarding/Bindungen/Bindung-O-BRIEN-DECADE-CT-2010.html','oxarticle',0,0,'0f40c6a077b68c21f164767c4a903fd2','2019-04-24 11:21:11'),('root','9d52dd3016f5f797bb7f86be69ed06eb',1,0,'index.php?cl=manufacturerlist&amp;mnid=root','Nach-Hersteller/','oxmanufacturer',0,0,'','2019-04-24 11:21:11'),('610f7fc243c7409cb5448b30029431fe','9ff5c21cbc84dbfe815013236e132baf',1,1,'index.php?cl=account_order','en/order-history/','static',0,0,'','2019-04-24 11:21:11'),('90a0b84564cde2394491df1c673b6aa0','a080a0622ad64fe032c7c2dde4282e41',1,0,'index.php?cl=manufacturerlist&amp;mnid=90a0b84564cde2394491df1c673b6aa0','Nach-Hersteller/ION/','oxmanufacturer',0,0,'','2019-04-24 11:21:11'),('b56764137ca959da9541bb28c1987d6c','a09e1de2d6d5b0c99395336be106e7ba',1,0,'index.php?cl=details&amp;anid=b56764137ca959da9541bb28c1987d6c&amp;cnid=0f4fb00809cec9aa0910aa9c8fe36751','Kiteboarding/Kites/Kite-NBK-REBEL-2010.html','oxarticle',0,0,'0f4fb00809cec9aa0910aa9c8fe36751','2019-04-24 11:21:11'),('67c5bcf75ee346bd9566bce6c8','a150a7b6945213daa7f138e1a042cbb4',1,1,'index.php?cl=credits&amp;oxcid=67c5bcf75ee346bd9566bce6c8','en/Credits/','oxcontent',1,0,'','2019-04-24 11:21:11'),('98964bf04c7edae2d658c5f3b3233ca1','a1b330b85c6f51fd9b50b1eb19707d84',1,1,'index.php?cl=register','en/open-account/','static',0,0,'','2019-04-24 11:21:11'),('fadf5480dacc78a7a474f4b35f6abf55','a1da5ed568f523dafc731899af660bd4',1,0,'index.php?cl=tag&amp;searchtag=cabrinha','tag/cabrinha/','dynamic',0,0,'','2019-04-24 11:21:11'),('7bc8a506bbca225a2f95b6eac66020bf','a24b03f1a3f73c325a7647e6039e2359',1,0,'index.php?cl=account_noticelist','mein-merkzettel/','static',0,0,'','2019-04-24 11:21:11'),('dc5ec524a9aa6175cf7a498d70ce510a','a264ad8037e3563497413ad8f3d31fb8',1,1,'index.php?cl=manufacturerlist&amp;mnid=dc5ec524a9aa6175cf7a498d70ce510a','en/By-Manufacturer/NPX/','oxmanufacturer',0,0,'','2019-04-24 11:21:11'),('808ae62c201c0ade254953c5150fd288','a26bbb083c46cec156d2ca3d3298c8e8',1,0,'index.php?cl=tag&amp;searchtag=locker','tag/locker/','dynamic',0,0,'','2019-04-24 11:21:11'),('61c5d6965b480012aabb3a6701254b75','a4e5995182ade3cf039800c0ec2d512d',1,0,'index.php?cl=recommlist','Empfehlungslisten/','static',0,0,'','2019-04-24 11:21:11'),('ed6573c0259d6a6fb641d106dcb2faec','a52c94798db8f56183a49cce955d9b76',1,1,'index.php?cl=details&amp;anid=ed6573c0259d6a6fb641d106dcb2faec&amp;cnid=0f4270b89fbef1481958381410a0dbca','en/Wakeboarding/Wakeboards/Wakeboard-GROOVE.html','oxarticle',0,0,'0f4270b89fbef1481958381410a0dbca','2019-04-24 11:21:11'),('e5340b054530ea779fb1802e93c8183e','a6b775aec57d06b46a958efbafdc7875',1,1,'index.php?cl=invite','en/Invite-your-friends/','static',0,0,'','2019-04-24 11:21:11'),('86024bbd83bb95ad112d9c90d8f5b4c8','a7d2153c7f406d3bc03f6b1169acfaed',1,1,'?cl=rss&amp;fnc=catarts&amp;cat=943a9ba3050e78b443c16e043ae60ef3','en/rss/Category/Kiteboarding/','dynamic',0,0,'','2019-04-24 11:21:11'),('ace1e168a1e8183a2aa79c2243171a29','a7d5ab5a4e87693998c5aec066dda6e6',1,0,'index.php?cl=account_user','meine-adressen/','static',0,0,'','2019-04-24 11:21:11'),('f4f2d8eee51b0fd5eb60a46dff1166d8','a978b1c1182f0c3951d39a90cb64a7e2',1,0,'index.php?cl=details&amp;anid=f4f2d8eee51b0fd5eb60a46dff1166d8&amp;cnid=0f41a4463b227c437f6e6bf57b1697c4','Kiteboarding/Trapeze/Trapez-ION-SOL-KITE-2011.html','oxarticle',0,0,'0f41a4463b227c437f6e6bf57b1697c4','2019-04-24 11:21:11'),('0563ce7f6a400737ce0e1c2b2c733e49','a9afb500184c584fb5ab2ad9b4162e96',1,0,'index.php?cl=forgotpwd','passwort-vergessen/','static',0,0,'','2019-04-24 11:21:11'),('5784bdb07f77e257a1cdfd1fa03d4342','ac86c71832488d13f45958277bdbaa9f',1,0,'index.php?cl=tag&amp;searchtag=caliber','tag/caliber/','dynamic',0,0,'','2019-04-24 11:21:11'),('98964bf04c7edae2d658c5f3b3233ca1','acddcfef9c25bcae3b96eb00669541ff',1,0,'index.php?cl=register','konto-eroeffnen/','static',0,0,'','2019-04-24 11:21:11'),('oia9ff5c96f1f29d527b61202ece0829','ad8104b223b9e50181092a459a01c969',1,0,'index.php?cl=alist&amp;cnid=oia9ff5c96f1f29d527b61202ece0829','Downloads/','oxcategory',0,0,'','2019-04-24 11:21:11'),('b56369b1fc9d7b97f9c5fc343b349ece','ae73ed7fc6d478cb4272bbec528c71ab',1,1,'index.php?cl=details&amp;anid=b56369b1fc9d7b97f9c5fc343b349ece&amp;cnid=0f4fb00809cec9aa0910aa9c8fe36751','en/Kiteboarding/Kites/Kite-CORE-GTS.html','oxarticle',0,0,'0f4fb00809cec9aa0910aa9c8fe36751','2019-04-24 11:21:11'),('7875a959432bc017f3e927a09ff2a778','b1af366a8834b36eb1dc4fba911c67e2',1,0,'index.php?cl=tag&amp;searchtag=2010','tag/2010/','dynamic',0,0,'','2019-04-24 11:21:11'),('adc6df0977329923a6330cc8f3c0a906','b4824e58bb3bfee24f6d5bdc27f5006e',1,1,'index.php?cl=manufacturerlist&amp;mnid=adc6df0977329923a6330cc8f3c0a906','en/By-Manufacturer/Liquid-Force-Kite/','oxmanufacturer',0,0,'','2019-04-24 11:21:11'),('fadbdb3145458afc5aa4dbf7eb906761','b6d965df8342095177c3bc697ff79019',1,0,'index.php?cl=alist&amp;cnid=fadbdb3145458afc5aa4dbf7eb906761','Bekleidung/Fashion/Fuer-Sie/','oxcategory',0,0,'','2019-04-24 11:21:11'),('1ea45574543b21636.29288751','b914c7bc2a782ad879f09eb654122cf3',1,0,'index.php?cl=content&amp;oxloadid=oxrightofwithdrawal&amp;oxcid=1ea45574543b21636.29288751','Widerrufsrecht/','oxcontent',0,1,'','2019-04-24 11:21:11'),('f6bd7f77caae70afad276584caa6450a','b93b703d313e89662773cffaab750f1d',1,1,'index.php?cl=wishlist','en/gift-registry/','static',0,0,'','2019-04-24 11:21:11'),('fad2d80baf7aca6ac54e819e066f24aa','ba1ee4a78004a3228b859f481cb7f780',1,0,'index.php?cl=alist&amp;cnid=fad2d80baf7aca6ac54e819e066f24aa','Bekleidung/Sportswear/Neopren/','oxcategory',0,0,'','2019-04-24 11:21:11'),('90a8a18dd0cf0e7aec5238f30e1c6106','ba52329ea965dc5fb2f94dc05b75cfe7',1,1,'index.php?cl=manufacturerlist&amp;mnid=90a8a18dd0cf0e7aec5238f30e1c6106','en/By-Manufacturer/Naish/','oxmanufacturer',0,0,'','2019-04-24 11:21:11'),('05c0f9a36dc4eaf3df528f0da18664d8','baa3b653a618696b06c70a6dda95ebde',1,0,'index.php?cl=account_recommlist','meine-lieblingslisten/','static',0,0,'','2019-04-24 11:21:11'),('fadbdb3145458afc5aa4dbf7eb906761','bf87709ec57983f990aff4eb6b074a5e',1,1,'index.php?cl=alist&amp;cnid=fadbdb3145458afc5aa4dbf7eb906761','en/Gear/Fashion/For-Her/','oxcategory',0,0,'','2019-04-24 11:21:11'),('1074279e67a85f5b1.96907412','c06f5fa58d5afc3db7e54996528e8bdc',1,0,'index.php?cl=content&amp;oxloadid=oxorderinfo&amp;oxcid=1074279e67a85f5b1.96907412','Wie-bestellen/','oxcontent',0,0,'','2019-04-24 11:21:11'),('2eb4676806a3d2e87.06076523','c0e5670e15fe3235dd7fd9b6e343a074',1,0,'index.php?cl=content&amp;oxloadid=oxagb&amp;oxcid=2eb4676806a3d2e87.06076523','AGB/','oxcontent',0,0,'','2019-04-24 11:21:11'),('3a909e7c886063857e86982c7a3c5b84','c11c29d926de486b5ce80520da25e47b',1,0,'index.php?cl=manufacturerlist&amp;mnid=3a909e7c886063857e86982c7a3c5b84','Nach-Hersteller/Mauirippers/','oxmanufacturer',0,0,'','2019-04-24 11:21:11'),('1074279e67a85f5b1.96907412','c1298d664559e5c887e3e18c7cda5133',1,1,'index.php?cl=content&amp;oxloadid=oxorderinfo&amp;oxcid=1074279e67a85f5b1.96907412','en/How-to-order/','oxcontent',0,0,'','2019-04-24 11:21:11'),('c71c50f5443d85b37a013420857e83e7','c552cb8718cde5cb792e181f78f5fde1',1,0,'index.php?cl=download','download/','static',0,0,'','2019-04-24 11:21:11'),('d86236918e1533cccb679208628eda32','c62808f6e61ece8c40dd5eac227d0421',1,0,'index.php?cl=details&amp;anid=d86236918e1533cccb679208628eda32&amp;cnid=fc7e7bd8403448f00a363f60f44da8f2','Kiteboarding/Zubehoer/Smart-Loop-NAISH.html','oxarticle',0,0,'fc7e7bd8403448f00a363f60f44da8f2','2019-04-24 11:21:11'),('453c8d10ab44c519bcaadf6de64f18f6','c70031a1993329b9fb6c7ad9eb51754c',1,0,'index.php?cl=tag&amp;searchtag=sicherheit','tag/sicherheit/','dynamic',0,0,'','2019-04-24 11:21:11'),('882acc7454f973844d4917515181dcba','c74bbaf961498de897ba7eb98fea8274',1,1,'index.php?cl=account_downloads','en/my-downloads/','static',0,0,'','2019-04-24 11:21:11'),('058de8224773a1d5fd54d523f0c823e0','c815781a787b8af1ee1ca1cdb0397dc7',1,1,'index.php?cl=details&amp;anid=058de8224773a1d5fd54d523f0c823e0&amp;cnid=0f4f08358666c54b4fde3d83d2b7ef04','en/Kiteboarding/Kiteboards/Kiteboard-CABRINHA-CALIBER-2011.html','oxarticle',0,0,'0f4f08358666c54b4fde3d83d2b7ef04','2019-04-24 11:21:11'),('0f41a4463b227c437f6e6bf57b1697c4','cc261e7362dda23332f6ae32af22ce6c',1,0,'index.php?cl=alist&amp;cnid=0f41a4463b227c437f6e6bf57b1697c4','Kiteboarding/Trapeze/','oxcategory',0,0,'','2019-04-24 11:21:11'),('6d9b5b3ee58bca1bd7be188f71e80ef2','cc28156a4f728c1b33e7e02fd846628e',1,0,'index.php?cl=review','bewertungen/','static',0,0,'','2019-04-24 11:21:11'),('ab459c0dc911137e9cc024d9fba5a68b','ccca27059506a916fb64d673a5dd676b',1,0,'index.php?cl=start','startseite/','static',0,0,'','2019-04-24 11:21:11'),('05848170643ab0deb9914566391c0c63','d27c8f0b28d9a14937fe5a73fb1bc6f6',1,0,'index.php?cl=details&amp;anid=05848170643ab0deb9914566391c0c63&amp;cnid=0f41a4463b227c437f6e6bf57b1697c4','Kiteboarding/Trapeze/Trapez-ION-MADTRIXX.html','oxarticle',0,0,'0f41a4463b227c437f6e6bf57b1697c4','2019-04-24 11:21:11'),('2eb46767947d21851.22681675','d3df023041bb144df4fd756a27d01d44',1,0,'index.php?cl=content&amp;oxloadid=oximpressum&amp;oxcid=2eb46767947d21851.22681675','Impressum/','oxcontent',0,0,'','2019-04-24 11:21:11'),('0f4f08358666c54b4fde3d83d2b7ef04','d4fc5ddf9689aa214fca32a178325ff0',1,0,'index.php?cl=alist&amp;cnid=0f4f08358666c54b4fde3d83d2b7ef04','Kiteboarding/Kiteboards/','oxcategory',0,0,'','2019-04-24 11:21:11'),('965acb9a653478a186e55468c6df7406','d50c753d406338d92f52fe55de1e98dd',1,1,'index.php?cl=clearcookies','en/cookies/','static',0,0,'','2019-04-24 11:21:11'),('b5666b6d4bcb67c61dee4887bfba8351','da078e083ecdd6f3ec6be269e48a8835',1,0,'index.php?cl=details&amp;anid=b5666b6d4bcb67c61dee4887bfba8351&amp;cnid=0f4fb00809cec9aa0910aa9c8fe36751','Kiteboarding/Kites/Kite-CORE-RIOT-XR.html','oxarticle',0,0,'0f4fb00809cec9aa0910aa9c8fe36751','2019-04-24 11:21:11'),('fadcb6dd70b9f6248efa425bd159684e','da1efd7ef8bb693e9647a70d625ac807',1,1,'index.php?cl=alist&amp;cnid=fadcb6dd70b9f6248efa425bd159684e','en/Special-Offers/','oxcategory',0,0,'','2019-04-24 11:21:11'),('fadcb6dd70b9f6248efa425bd159684e','da604264337129948075df9eb621e81b',1,0,'index.php?cl=alist&amp;cnid=fadcb6dd70b9f6248efa425bd159684e','Angebote/','oxcategory',0,0,'','2019-04-24 11:21:11'),('oiaf6ab7e12e86291e86dd3ff891fe40','dc84430f5673d3c1a560d19fffc3b1fc',1,0,'index.php?cl=manufacturerlist&amp;mnid=oiaf6ab7e12e86291e86dd3ff891fe40','Nach-Hersteller/O-Reilly/','oxmanufacturer',0,0,'','2019-04-24 11:21:11'),('0584e8b766a4de2177f9ed11d1587f55','dd46155a45dd45eb2300e80b5650bc58',1,0,'index.php?cl=details&amp;anid=0584e8b766a4de2177f9ed11d1587f55&amp;cnid=fc7e7bd8403448f00a363f60f44da8f2','Kiteboarding/Zubehoer/Klebeband-DACRON-KITEFIX.html','oxarticle',0,0,'fc7e7bd8403448f00a363f60f44da8f2','2019-04-24 11:21:11'),('fadc492a5807c56eb80b0507accd756b','e0800a081bd0b8b71f199b9793ffe49b',1,1,'index.php?cl=details&amp;anid=fadc492a5807c56eb80b0507accd756b&amp;cnid=0f4fb00809cec9aa0910aa9c8fe36751','en/Kiteboarding/Kites/Kite-SPLEENE-SP-X-2010.html','oxarticle',0,0,'0f4fb00809cec9aa0910aa9c8fe36751','2019-04-24 11:21:11'),('057ef382f23bdbb84991d049af2baba9','e0dd29a75947539da6b1924d31c9849f',1,0,'index.php?cl=compare','mein-produktvergleich/','static',0,0,'','2019-04-24 11:21:11'),('d3d9e8107af82d038f13908a971fb279','e25d782f5750dd3d912fc5df31ba31ed',1,0,'?cl=rss&amp;fnc=topshop','rss/OXID-eShop-4/Top-of-the-Shop/','dynamic',0,0,'','2019-04-24 11:21:11'),('b56369b1fc9d7b97f9c5fc343b349ece','e4609f43825bd4a2a6524b98e85dc168',1,0,'index.php?cl=details&amp;anid=b56369b1fc9d7b97f9c5fc343b349ece&amp;cnid=0f4fb00809cec9aa0910aa9c8fe36751','Kiteboarding/Kites/Kite-CORE-GTS.html','oxarticle',0,0,'0f4fb00809cec9aa0910aa9c8fe36751','2019-04-24 11:21:11'),('875880994568420fcc8407245e5b6e24','e54ffe180546f8cf84750ed1e0db0225',1,0,'index.php?cl=tag&amp;searchtag=gt','tag/gt/','dynamic',0,0,'','2019-04-24 11:21:11'),('56ebd65f4a7cc25de1dc1f7cf15591fb','e5a8de0e49e91c5728eadfcb233bdbd1',1,1,'index.php?cl=news','en/news/','static',0,0,'','2019-04-24 11:21:11'),('e56acdd347b0516f68a0afdd811e2382','e604233c5a2804d21ec0252a445e93d3',1,0,'index.php?cl=newsletter','newsletter/','static',0,0,'','2019-04-24 11:21:11'),('38efc02f0f6b6a6d54cfef1fcdb99d70','e6331d115f5323610c639ef2f0369f8a',1,0,'index.php?cl=basket','warenkorb/','static',0,0,'','2019-04-24 11:21:11'),('d86d90e4b441aa3f0004dcda5ba5bb38','e7fd30910e5de13f7aa42e7a84269a3b',1,0,'index.php?cl=alist&amp;cnid=d86d90e4b441aa3f0004dcda5ba5bb38','Wakeboarding/Sets/','oxcategory',0,0,'','2019-04-24 11:21:11'),('1ea45574543b21636.29288751','e91d3f4809b713664045f30d900b789a',1,1,'index.php?cl=content&amp;oxloadid=oxrightofwithdrawal&amp;oxcid=1ea45574543b21636.29288751','en/Right-of-Withdrawal/','oxcontent',0,1,'','2019-04-24 11:21:11'),('610f7fc243c7409cb5448b30029431fe','eb692d07ec8608d943db0a3bca29c4ce',1,0,'index.php?cl=account_order','bestellhistorie/','static',0,0,'','2019-04-24 11:21:11'),('38efc02f0f6b6a6d54cfef1fcdb99d70','ecaf0240f9f46bbee5ffc6dd73d0b7f0',1,1,'index.php?cl=basket','en/cart/','static',0,0,'','2019-04-24 11:21:11'),('0f4f08358666c54b4fde3d83d2b7ef04','ef718f62ae7f8ec20bd69ac89f53dceb',1,1,'index.php?cl=alist&amp;cnid=0f4f08358666c54b4fde3d83d2b7ef04','en/Kiteboarding/Kiteboards/','oxcategory',0,0,'','2019-04-24 11:21:11'),('0f4fb00809cec9aa0910aa9c8fe36751','f0bc3af06bac380229c6ceb16fb265d9',1,1,'index.php?cl=alist&amp;cnid=0f4fb00809cec9aa0910aa9c8fe36751','en/Kiteboarding/Kites/','oxcategory',0,0,'','2019-04-24 11:21:11'),('30e44ab83fdee7564.23264141','f119f346da67494a7df5a659e70c985a',1,1,'index.php?cl=alist&amp;cnid=30e44ab83fdee7564.23264141','en/Gear/','oxcategory',0,0,'','2019-04-24 11:21:11'),('882acc7454f973844d4917515181dcba','f1c7ccb53fc8d6f239b39d2fc2b76829',1,0,'index.php?cl=account_downloads','de/my-downloads/','static',0,0,'','2019-04-24 11:21:11'),('90a8a18dd0cf0e7aec5238f30e1c6106','f43a56850960a9b53ab1cbccbf56602a',1,0,'index.php?cl=manufacturerlist&amp;mnid=90a8a18dd0cf0e7aec5238f30e1c6106','Nach-Hersteller/Naish/','oxmanufacturer',0,0,'','2019-04-24 11:21:11'),('343c043546b3d653647e75d2e246ce94','f80ace8f87e1d7f446ab1fa58f275f4c',1,1,'index.php?cl=links','en/links/','static',0,0,'','2019-04-24 11:21:11'),('943173edecf6d6870a0f357b8ac84d32','f8335c84c1daa5b13657124f45c0e08b',1,0,'index.php?cl=alist&amp;cnid=943173edecf6d6870a0f357b8ac84d32','Wakeboarding/','oxcategory',0,0,'','2019-04-24 11:21:11'),('90a0b84564cde2394491df1c673b6aa0','f8bf0f5a993bf218448addc5c6bebd71',1,1,'index.php?cl=manufacturerlist&amp;mnid=90a0b84564cde2394491df1c673b6aa0','en/By-Manufacturer/ION/','oxmanufacturer',0,0,'','2019-04-24 11:21:11'),('04abcb465a8d3a4441df4c480838d23d','f9d1a02ab749dc360c4e21f21de1beaf',1,0,'index.php?cl=contact','kontakt/','static',0,0,'','2019-04-24 11:21:11'),('f4f73033cf5045525644042325355732','faa7365d85f99ab2e7ae2b508dcacc0a',1,0,'index.php?cl=details&amp;anid=f4f73033cf5045525644042325355732&amp;cnid=fadcb6dd70b9f6248efa425bd159684e','Angebote/Transportcontainer-THE-BARREL.html','oxarticle',0,0,'fadcb6dd70b9f6248efa425bd159684e','2019-04-24 11:21:11'),('0f4270b89fbef1481958381410a0dbca','fad614c0f4922228623ae0696b55481f',1,1,'index.php?cl=alist&amp;cnid=0f4270b89fbef1481958381410a0dbca','en/Wakeboarding/Wakeboards/','oxcategory',1,0,'','2019-04-24 11:21:11');

INSERT INTO `oxstates` (`OXID`, `OXCOUNTRYID`, `OXTITLE`, `OXISOALPHA2`, `OXTITLE_1`, `OXTITLE_2`, `OXTITLE_3`, `OXTIMESTAMP`) VALUES ('AA','8f241f11096877ac0.98748826','Armed Forces Americas','AA','Armed Forces Americas','','','2016-07-19 14:11:11'),('AB','8f241f11095649d18.02676059','Alberta','AB','Alberta','','','2016-07-19 14:11:11'),('AE','8f241f11096877ac0.98748826','Armed Forces','AE','Armed Forces','','','2016-07-19 14:11:11'),('AK','8f241f11096877ac0.98748826','Alaska','AK','Alaska','','','2016-07-19 14:11:11'),('AL','8f241f11096877ac0.98748826','Alabama','AL','Alabama','','','2016-07-19 14:11:11'),('AP','8f241f11096877ac0.98748826','Armed Forces Pacific','AP','Armed Forces Pacific','','','2016-07-19 14:11:11'),('AR','8f241f11096877ac0.98748826','Arkansas','AR','Arkansas','','','2016-07-19 14:11:11'),('AS','8f241f11096877ac0.98748826','Amerikanisch-Samoa','AS','American Samoa','','','2016-07-19 14:11:11'),('AZ','8f241f11096877ac0.98748826','Arizona','AZ','Arizona','','','2016-07-19 14:11:11'),('BC','8f241f11095649d18.02676059','Britisch-Kolumbien','BC','British Columbia','','','2016-07-19 14:11:11'),('CA','8f241f11096877ac0.98748826','Kalifornien','CA','California','','','2016-07-19 14:11:11'),('CO','8f241f11096877ac0.98748826','Colorado','CO','Colorado','','','2016-07-19 14:11:11'),('CT','8f241f11096877ac0.98748826','Connecticut','CT','Connecticut','','','2016-07-19 14:11:11'),('DC','8f241f11096877ac0.98748826','District of Columbia','DC','District of Columbia','','','2016-07-19 14:11:11'),('DE','8f241f11096877ac0.98748826','Delaware','DE','Delaware','','','2016-07-19 14:11:11'),('FL','8f241f11096877ac0.98748826','Florida','FL','Florida','','','2016-07-19 14:11:11'),('FM','8f241f11096877ac0.98748826','Föderierten Staaten von Mikronesien','FM','Federated States of Micronesia','','','2016-07-19 14:11:11'),('GA','8f241f11096877ac0.98748826','Georgia','GA','Georgia','','','2016-07-19 14:11:11'),('GU','8f241f11096877ac0.98748826','Guam','GU','Guam','','','2016-07-19 14:11:11'),('HI','8f241f11096877ac0.98748826','Hawaii','HI','Hawaii','','','2016-07-19 14:11:11'),('IA','8f241f11096877ac0.98748826','Iowa','IA','Iowa','','','2016-07-19 14:11:11'),('ID','8f241f11096877ac0.98748826','Idaho','ID','Idaho','','','2016-07-19 14:11:11'),('IL','8f241f11096877ac0.98748826','Illinois','IL','Illinois','','','2016-07-19 14:11:11'),('IN','8f241f11096877ac0.98748826','Indiana','IN','Indiana','','','2016-07-19 14:11:11'),('KS','8f241f11096877ac0.98748826','Kansas','KS','Kansas','','','2016-07-19 14:11:11'),('KY','8f241f11096877ac0.98748826','Kentucky','KY','Kentucky','','','2016-07-19 14:11:11'),('LA','8f241f11096877ac0.98748826','Louisiana','LA','Louisiana','','','2016-07-19 14:11:11'),('MA','8f241f11096877ac0.98748826','Massachusetts','MA','Massachusetts','','','2016-07-19 14:11:11'),('MB','8f241f11095649d18.02676059','Manitoba','MB','Manitoba','','','2016-07-19 14:11:11'),('MD','8f241f11096877ac0.98748826','Maryland','MD','Maryland','','','2016-07-19 14:11:11'),('ME','8f241f11096877ac0.98748826','Maine','ME','Maine','','','2016-07-19 14:11:11'),('MH','8f241f11096877ac0.98748826','Marshallinseln','MH','Marshall Islands','','','2016-07-19 14:11:11'),('MI','8f241f11096877ac0.98748826','Michigan','MI','Michigan','','','2016-07-19 14:11:11'),('MN','8f241f11096877ac0.98748826','Minnesota','MN','Minnesota','','','2016-07-19 14:11:11'),('MO','8f241f11096877ac0.98748826','Missouri','MO','Missouri','','','2016-07-19 14:11:11'),('MP','8f241f11096877ac0.98748826','Nördlichen Marianen','MP','Northern Mariana Islands','','','2016-07-19 14:11:11'),('MS','8f241f11096877ac0.98748826','Mississippi','MS','Mississippi','','','2016-07-19 14:11:11'),('MT','8f241f11096877ac0.98748826','Montana','MT','Montana','','','2016-07-19 14:11:11'),('NB','8f241f11095649d18.02676059','Neubraunschweig','NB','New Brunswick','','','2016-07-19 14:11:11'),('NC','8f241f11096877ac0.98748826','North Carolina','NC','North Carolina','','','2016-07-19 14:11:11'),('ND','8f241f11096877ac0.98748826','North Dakota','ND','North Dakota','','','2016-07-19 14:11:11'),('NE','8f241f11096877ac0.98748826','Nebraska','NE','Nebraska','','','2016-07-19 14:11:11'),('NF','8f241f11095649d18.02676059','Neufundland und Labrador','NF','Newfoundland and Labrador','','','2016-07-19 14:11:11'),('NH','8f241f11096877ac0.98748826','New Hampshire','NH','New Hampshire','','','2016-07-19 14:11:11'),('NJ','8f241f11096877ac0.98748826','New Jersey','NJ','New Jersey','','','2016-07-19 14:11:11'),('NM','8f241f11096877ac0.98748826','Neumexiko','NM','New Mexico','','','2016-07-19 14:11:11'),('NS','8f241f11095649d18.02676059','Nova Scotia','NS','Nova Scotia','','','2016-07-19 14:11:11'),('NT','8f241f11095649d18.02676059','Nordwest-Territorien','NT','Northwest Territories','','','2016-07-19 14:11:11'),('NU','8f241f11095649d18.02676059','Nunavut','NU','Nunavut','','','2016-07-19 14:11:11'),('NV','8f241f11096877ac0.98748826','Nevada','NV','Nevada','','','2016-07-19 14:11:11'),('NY','8f241f11096877ac0.98748826','New York','NY','New York','','','2016-07-19 14:11:11'),('OH','8f241f11096877ac0.98748826','Ohio','OH','Ohio','','','2016-07-19 14:11:11'),('OK','8f241f11096877ac0.98748826','Oklahoma','OK','Oklahoma','','','2016-07-19 14:11:11'),('ON','8f241f11095649d18.02676059','Ontario','ON','Ontario','','','2016-07-19 14:11:11'),('OR','8f241f11096877ac0.98748826','Oregon','OR','Oregon','','','2016-07-19 14:11:11'),('PA','8f241f11096877ac0.98748826','Pennsylvania','PA','Pennsylvania','','','2016-07-19 14:11:11'),('PE','8f241f11095649d18.02676059','Prince Edward Island','PE','Prince Edward Island','','','2016-07-19 14:11:11'),('PR','8f241f11096877ac0.98748826','Puerto Rico','PR','Puerto Rico','','','2016-07-19 14:11:11'),('PW','8f241f11096877ac0.98748826','Palau','PW','Palau','','','2016-07-19 14:11:11'),('QC','8f241f11095649d18.02676059','Quebec','QC','Quebec','','','2016-07-19 14:11:11'),('RI','8f241f11096877ac0.98748826','Rhode Island','RI','Rhode Island','','','2016-07-19 14:11:11'),('SC','8f241f11096877ac0.98748826','Südkarolina','SC','South Carolina','','','2016-07-19 14:11:11'),('SD','8f241f11096877ac0.98748826','Süddakota','SD','South Dakota','','','2016-07-19 14:11:11'),('SK','8f241f11095649d18.02676059','Saskatchewan','SK','Saskatchewan','','','2016-07-19 14:11:11'),('TN','8f241f11096877ac0.98748826','Tennessee','TN','Tennessee','','','2016-07-19 14:11:11'),('TX','8f241f11096877ac0.98748826','Texas','TX','Texas','','','2016-07-19 14:11:11'),('UT','8f241f11096877ac0.98748826','Utah','UT','Utah','','','2016-07-19 14:11:11'),('VA','8f241f11096877ac0.98748826','Virginia','VA','Virginia','','','2016-07-19 14:11:11'),('VI','8f241f11096877ac0.98748826','Jungferninseln','VI','Virgin Islands','','','2016-07-19 14:11:11'),('VT','8f241f11096877ac0.98748826','Vermont','VT','Vermont','','','2016-07-19 14:11:11'),('WA','8f241f11096877ac0.98748826','Washington','WA','Washington','','','2016-07-19 14:11:11'),('WI','8f241f11096877ac0.98748826','Wisconsin','WI','Wisconsin','','','2016-07-19 14:11:11'),('WV','8f241f11096877ac0.98748826','West Virginia','WV','West Virginia','','','2016-07-19 14:11:11'),('WY','8f241f11096877ac0.98748826','Wyoming','WY','Wyoming','','','2016-07-19 14:11:11'),('YK','8f241f11095649d18.02676059','Yukon','YK','Yukon','','','2016-07-19 14:11:11');




INSERT INTO `oxvendor` (`OXID`, `OXSHOPID`, `OXACTIVE`, `OXICON`, `OXTITLE`, `OXSHORTDESC`, `OXTITLE_1`, `OXSHORTDESC_1`, `OXTITLE_2`, `OXSHORTDESC_2`, `OXTITLE_3`, `OXSHORTDESC_3`, `OXSHOWSUFFIX`, `OXTIMESTAMP`) VALUES ('a57c56e3ba710eafb2225e98f058d989',1,1,'','www.true-fashion.com','Ethical style outlet','www.true-fashion.com','Ethical style outlet','','','','',0,'2019-04-24 11:21:11');



INSERT INTO `oxwrapping` (`OXID`, `OXSHOPID`, `OXACTIVE`, `OXACTIVE_1`, `OXACTIVE_2`, `OXACTIVE_3`, `OXTYPE`, `OXNAME`, `OXNAME_1`, `OXNAME_2`, `OXNAME_3`, `OXPIC`, `OXPRICE`, `OXTIMESTAMP`) VALUES ('81b40cf076351c229.14252649',1,1,1,1,1,'CARD','Die Bombe','The bomb','','','desaster_wp.gif',2.5,'2019-04-24 11:21:11'),('81b40cf0cd383d3a9.70988998',1,1,1,1,1,'CARD','Haifisch','Shark','','','img_ecard_03_wp.jpg',3,'2019-04-24 11:21:11'),('81b40cf210343d625.49755120',1,1,1,1,1,'WRAP','Gelbe Sterne','Yellow stars','','','img_geschenkpapier_1_gelb_wp.gif',2.95,'2019-04-24 11:21:11'),('a6840cc0ec80b3991.74884864',1,1,1,1,1,'WRAP','Rote Sterne','Red stars','','','img_geschenkpapier_1_wp.gif',2.95,'2019-04-24 11:21:11');


